{"id":813,"date":"2020-02-14T11:47:28","date_gmt":"2020-02-14T14:47:28","guid":{"rendered":"https:\/\/isfd106-bue.infd.edu.ar\/sitio\/?page_id=813"},"modified":"2026-02-11T16:11:04","modified_gmt":"2026-02-11T19:11:04","slug":"pases","status":"publish","type":"page","link":"https:\/\/isfd106-bue.infd.edu.ar\/sitio\/pases\/","title":{"rendered":"Pases"},"content":{"rendered":"<h3 style=\"text-align: center;\"><strong>Aspirantes de a\u00f1os superiores (2do a 4to) de otras instituciones (Pases)<\/strong><\/h3>\n<h4><em><span style=\"color: #ff0000;\"><strong>Las vacantes dependen de\u00a0<\/strong><strong>la disponibilidad de cursos y turnos.<\/strong><\/span><\/em><\/h4>\n<p><em><strong>REQUISITOS<\/strong><\/em><\/p>\n<p>Presentaci\u00f3n de<span style=\"color: #339966;\"> <em>formulario de solicitud de vacante por pase<\/em><\/span> (<a href=\"https:\/\/drive.google.com\/file\/d\/1LW40kETwMc0SaNAWCK_KQljT4U72DvXo\/view?usp=sharing\">bajar aqu\u00ed<\/a>)<\/p>\n<p>Presentaci\u00f3n de <em>nota <span style=\"color: #339966;\">formal manuscrita<\/span><\/em> dirigida a la Directora del Instituto, Lic. Lorena Gil, en la misma deber\u00e1 expresar a que carrera y curso solicita la vacante, la\/s causa\/s de dicho pedido y detallar los datos personales (incluir correo electr\u00f3nico de contacto y n\u00famero de celular al cual dar respuesta al pedido), acompa\u00f1ada \u00a0de la siguiente documentaci\u00f3n:<\/p>\n<ul>\n<li>Original y fotocopias de DNI<\/li>\n<li>Anal\u00edtico parcial con las materias aprobadas de la instituci\u00f3n de origen (donde conste materias acreditadas, cursadas aprobadas, materias a recursar)<\/li>\n<\/ul>\n<p>Fecha de presentaci\u00f3n de documentaci\u00f3n: <span style=\"color: #ff6600;\"><b>a partir del 18 de Febrero del 2026<\/b><\/span><\/p>\n<p>Horario:\u00a0<span style=\"color: #ff6600;\"><b> de 18.30 a 20.30 hs\u00a0\u00a0<\/b><\/span><\/p>\n<p>Lugar de entrega: Secretaria del ISFD 106<\/p>\n<p>Correo para consultas: <a href=\"mailto:106instituto@gmail.com\">106instituto@gmail.com<\/a><\/p>\n<p>La Direcci\u00f3n analizar\u00e1 cada caso en particular con devoluci\u00f3n personal.<\/p>\n<p>Confirmada la vacante, completar\u00e1 la inscripci\u00f3n con la documentaci\u00f3n solicitada oportunamente.\u00a0 La misma debe ser presentada en carpeta de tres solapas de color, de acuerdo a la carrera.<\/p>\n<h4 style=\"text-align: center;\"><span style=\"color: #ff0000;\"><strong><span lang=\"ES-AR\">No se inscribir\u00e1n aspirantes que no presenten toda la documentaci\u00f3n solicitada.<\/span><\/strong><\/span><\/h4>\n<h4><\/h4>\n<h3><strong>Egreso a otras instituciones (Pases)<\/strong><\/h3>\n<p>Se debe presentar constancia de vacante del Instituto al cual asistir\u00e1.<\/p>\n<p><span style=\"color: #339966;\"><em>Solicitud de copia de programas para equivalencias<\/em><\/span>: Entrega de solicitud de programa completa y firmada a las bibliotecarias. Cualquier duda consultar al siguiente correo <a href=\"mailto:106biblioteca@gmail.com\">106biblioteca@gmail.com<\/a><\/p>\n<p>El formulario puede <a href=\"https:\/\/drive.google.com\/file\/d\/16A4SSWjLSgUo2cZTbOk4LXDK6bz7y0iG\/view?usp=sharing\">bajarlo de aqu\u00ed<\/a> o adquirirlo en la fotocopiadora del instituto.<\/p>\n","protected":false},"excerpt":{"rendered":"<p>Aspirantes de a\u00f1os superiores (2do a 4to) de otras instituciones (Pases) Las vacantes dependen de\u00a0la disponibilidad de cursos y turnos. REQUISITOS Presentaci\u00f3n de formulario de solicitud de vacante por pase (bajar aqu\u00ed) Presentaci\u00f3n de nota formal manuscrita dirigida a la Directora del Instituto, Lic. Lorena Gil, en la misma deber\u00e1 expresar a que carrera y &#8230; <a title=\"Pases\" class=\"read-more\" href=\"https:\/\/isfd106-bue.infd.edu.ar\/sitio\/pases\/\" aria-label=\"More on Pases\">[+]<\/a><\/p>\n","protected":false},"author":386,"featured_media":0,"parent":0,"menu_order":0,"comment_status":"closed","ping_status":"closed","template":"","meta":[],"acf":[],"_links":{"self":[{"href":"https:\/\/isfd106-bue.infd.edu.ar\/sitio\/wp-json\/wp\/v2\/pages\/813"}],"collection":[{"href":"https:\/\/isfd106-bue.infd.edu.ar\/sitio\/wp-json\/wp\/v2\/pages"}],"about":[{"href":"https:\/\/isfd106-bue.infd.edu.ar\/sitio\/wp-json\/wp\/v2\/types\/page"}],"author":[{"embeddable":true,"href":"https:\/\/isfd106-bue.infd.edu.ar\/sitio\/wp-json\/wp\/v2\/users\/386"}],"replies":[{"embeddable":true,"href":"https:\/\/isfd106-bue.infd.edu.ar\/sitio\/wp-json\/wp\/v2\/comments?post=813"}],"version-history":[{"count":23,"href":"https:\/\/isfd106-bue.infd.edu.ar\/sitio\/wp-json\/wp\/v2\/pages\/813\/revisions"}],"predecessor-version":[{"id":4014,"href":"https:\/\/isfd106-bue.infd.edu.ar\/sitio\/wp-json\/wp\/v2\/pages\/813\/revisions\/4014"}],"wp:attachment":[{"href":"https:\/\/isfd106-bue.infd.edu.ar\/sitio\/wp-json\/wp\/v2\/media?parent=813"}],"curies":[{"name":"wp","href":"https:\/\/api.w.org\/{rel}","templated":true}]}}