{"id":811,"date":"2019-08-30T10:07:00","date_gmt":"2019-08-30T13:07:00","guid":{"rendered":"https:\/\/isfd106-bue.infd.edu.ar\/sitio\/?page_id=811"},"modified":"2023-07-03T21:14:02","modified_gmt":"2023-07-04T00:14:02","slug":"concursos","status":"publish","type":"page","link":"https:\/\/isfd106-bue.infd.edu.ar\/sitio\/concursos\/","title":{"rendered":"Concursos"},"content":{"rendered":"<h1>Concursos<\/h1>\n<p><strong>Normativa Provincial\u00a0<\/strong><\/p>\n<p><a href=\"https:\/\/drive.google.com\/file\/d\/15cZpp_MMrpehwQmv6nUxSpE09WVtf0vI\/view?usp=sharing\">Resoluci\u00f3n 5886\/03<\/a><\/p>\n<p><a href=\"http:\/\/abc.gob.ar\/secretarias\/areas\/subsecretaria-de-educacion\/educacion-superior\/dir-de-form-doc-inicial\/disenos-curriculares\">Dise\u00f1os Curriculares del Nivel Superior<\/a><\/p>\n<p><a href=\"http:\/\/abc.gob.ar\/secretarias\/areas\/subsecretaria-de-educacion\/educacion-secundaria\/educacion-secundaria\/disenos-curriculares\">Dise\u00f1o curricular Nivel Secundario\u00a0<\/a><\/p>\n<p><a href=\"http:\/\/servicios.abc.gov.ar\/lainstitucion\/organismos\/consejogeneral\/disenioscurriculares\/primaria\/2018\/dis-curricular-PBA-completo.pdf\">Dise\u00f1o curricular Nivel Primario\u00a0<\/a><\/p>\n<p><strong>Encuadre Institucional\u00a0<\/strong><\/p>\n<p><a href=\"https:\/\/drive.google.com\/file\/d\/1TvZXulK1qcQYtJILLB-MQPYB3uzPhcEk\/view?usp=share_link\">Criterios institucionales de evaluaci\u00f3n\u00a0<\/a><\/p>\n<p><a href=\"https:\/\/drive.google.com\/open?id=1xsWXFWop2tdigaNZuvWI7_DSygCKX9aJ\">Plan de Evaluaci\u00f3n Institucional\u00a0<\/a><\/p>\n<p><strong><u>Requisitos<\/u><\/strong><u>:<\/u><\/p>\n<p>*La propuesta pedag\u00f3gica se presentar\u00e1 en PDF<\/p>\n<p>*En el momento de la inscripci\u00f3n deber\u00e1n presentar declaraci\u00f3n jurada de T\u00edtulos y Antecedentes (ANEXO III), con documentaci\u00f3n respaldatoria, fotocopia de DNI,\u00a0 C.V y si posee la oblea donde est\u00e1 inscripto de manera oficial (<strong>todo<\/strong> escaneado <strong>en formato PDF<\/strong>, no se aceptar\u00e1n fotos). \u00a0Se completar\u00e1 el formulario drive (que se encuentra en el comunicado respectivo de SAD II) en donde se adjuntar\u00e1n los archivo PDF como se solicita en el mismo.<\/p>\n<p>*Realizar la inscripci\u00f3n on line, que figura en el Comunicado de SAD II<\/p>\n<h1>Informaci\u00f3n sobre concursos de la instituci\u00f3n.<\/h1>\n<p>Recuerden que se debe presentar la declaraci\u00f3n jurada de t\u00edtulos y antecedentes que obra como Anexo III de la <a href=\"https:\/\/drive.google.com\/file\/d\/15cZpp_MMrpehwQmv6nUxSpE09WVtf0vI\/view?usp=sharing\">Resoluci\u00f3n 5886\/03<\/a>, con la documentaci\u00f3n respaldatoria debidamente foliada y encarpetada.<\/p>\n<p>Constituir domicilio, n\u00famero de tel\u00e9fono de l\u00ednea y de celular, y correo electr\u00f3nico a los efectos de las notificaciones fehacientes que fuera necesario realizar durante el proceso de selecci\u00f3n. Se tomar\u00e1 como v\u00e1lido de notificaci\u00f3n fehaciente el correo de abc. En caso de no poseer correo abc, puede crearse uno. <a href=\"https:\/\/www.youtube.com\/watch?v=Q0zOjkb_HIA\">Instructivo<\/a><\/p>\n<p>Rem\u00edtase a las Resoluciones y Disposiciones vigentes para la elaboraci\u00f3n de las propuestas pedag\u00f3gicas. Y los enfoques y orientaciones did\u00e1cticas de los Dise\u00f1os Curriculares al que se dirige la propuesta y el Reglamento General de las Instituciones Educativas de la provincia de Buenos Aires.<\/p>\n<p>Quedar\u00e1n fuera del concurso los proyectos que no se ajusten a lo normado en las resoluciones antes mencionadas.<\/p>\n<p>Muchas gracias.<\/p>\n<h1><span style=\"color: #ff00ff;\"><em>Concursos 2023<\/em><\/span><\/h1>\n<ul>\n<li>Comunicado SAD II N\u00b0<\/li>\n<li><a href=\"https:\/\/drive.google.com\/file\/d\/14dbQF9jIzFByYYT0yWPOi_EhW44nOMKZ\/view?usp=sharing\">Comunicaci\u00f3n N\u00b0 68<\/a> y Anexo: <a href=\"https:\/\/drive.google.com\/file\/d\/1kDYdviPNS2wx9RDbs7OSgV2-mL-aDeUO\/view?usp=sharing\">Formaci\u00f3n Docente y ESI. Documento de trabajo para la implementaci\u00f3n curricular<\/a><\/li>\n<li><a href=\"https:\/\/drive.google.com\/file\/d\/159Vpo749PX_7R0nbqt6j-W8sOc3ng7gu\/view?usp=sharing\">Comunicaci\u00f3n N\u00b063<\/a> y Anexo: <a href=\"https:\/\/drive.google.com\/file\/d\/1yjr1x-uR20_1B_0AUV4XGAzIw3JIQZdV\/view?usp=sharing\">Formaci\u00f3n Docente y Cultura digital. Documento de trabajo para la implementaci\u00f3n curricular<\/a><\/li>\n<li><a href=\"https:\/\/drive.google.com\/file\/d\/1-EsfINBmKve9INjcFn2n6VxPbX6jP3k-\/view\">Comunicado SAD II N\u00b0 302<\/a><\/li>\n<li><a href=\"https:\/\/drive.google.com\/file\/d\/1tX0_w8oW2KqU3wEuFO9xoCKCK_D_6MpV\/view\">Comunicado SAD II N\u00b0 233<\/a><\/li>\n<li><a href=\"https:\/\/drive.google.com\/file\/d\/1UMTzA_QrOQzW8iUm4ZnW9yBeHF_g4LhD\/view\">Comunicado SAD II N\u00b0 92<\/a><\/li>\n<li><a href=\"https:\/\/drive.google.com\/file\/d\/1GSBX6WM86qfjY_tco7yxjJDPn1gUtGuK\/view\">Comunicado SAD II N\u00b0 69<\/a><\/li>\n<\/ul>\n<h1 style=\"text-align: left;\"><span style=\"color: #800080;\"><em><strong>Concursos 2022<\/strong><\/em><\/span><\/h1>\n<ul>\n<li><a href=\"https:\/\/drive.google.com\/file\/d\/1NBMDTcYYGddWG0uF-OqXQxK9melvbI73\/view\">Comunicado SAD II N\u00b0 153\u00a0<\/a><\/li>\n<li><a href=\"https:\/\/drive.google.com\/file\/d\/14K0bT-ikKertcN-tGP_B20gqcg9ttw1w\/view\">Comunicado SAD II N\u00b0 165\u00a0<\/a><\/li>\n<li><a href=\"https:\/\/drive.google.com\/file\/d\/1p-tyoYsYB1fUS9lueZziTL8Jn6a3Hjrn\/view\">Comunicado SAD II N\u00b0 215\u00a0<\/a><\/li>\n<li><a href=\"https:\/\/drive.google.com\/file\/d\/1gjZnjUhYRawP8rpAjx_2dJaNu22lW2FI\/view\">Comunicado SAD II N\u00b0 292\u00a0<\/a><\/li>\n<li><a href=\"https:\/\/drive.google.com\/file\/d\/1kXfXW-rcZBq3Hg3u4toUgkGlVKxtMM_Q\/view\">Comunicado SAD II N\u00b0 317\u00a0<\/a><\/li>\n<\/ul>\n<h1 style=\"text-align: left;\">\u00a0<em><span style=\"color: #ff0000;\"><strong>Concursos 2021\u00a0<\/strong><\/span><\/em><\/h1>\n<ul>\n<li style=\"text-align: left;\"><a href=\"https:\/\/drive.google.com\/file\/d\/1vwqVn3BsJsVsZItG2VvP3UwU0YUdirS-\/view\">Comunicado SAD II N\u00b0 613<\/a><\/li>\n<li style=\"text-align: left;\"><a href=\"https:\/\/drive.google.com\/file\/d\/1A5Y4uVcxuj9ZdNYOjDDa4nqkpworVd9s\/view\">Comunicado SAD II N\u00ba 499<\/a><\/li>\n<li style=\"text-align: left;\"><a href=\"https:\/\/drive.google.com\/file\/d\/1a1hxGpJ8KUKGYkPRcXUsXnnfgdHZDvEr\/view\">Comunicado SAD II N\u00ba395<\/a><\/li>\n<li style=\"text-align: left;\"><a href=\"https:\/\/drive.google.com\/file\/d\/1vu8EXQkopHVwkDh-yj6TnD1alpL-CMgH\/view\">Comunicado SAD II N\u00ba351<\/a><\/li>\n<li style=\"text-align: left;\"><a href=\"https:\/\/drive.google.com\/file\/d\/1kKEITLebpILsNqwqTE_g14Ta82kJhY2o\/view\">Comunicado SAD II N\u00ba252<\/a><\/li>\n<li style=\"text-align: left;\"><a href=\"https:\/\/drive.google.com\/file\/d\/1_HNrOvyPm-chm8aHuqLk50wrUFmndADQ\/view?usp=sharing\">Contenidos m\u00ednimos del EDI 4to a\u00f1o Qu\u00edmica<\/a><\/li>\n<li style=\"text-align: left;\"><a href=\"https:\/\/drive.google.com\/file\/d\/1lEsDIZ47zK58trGR4l9k0tQ1wJlvcxyC\/view\">Comunicado SAD II N\u00ba 176<\/a><\/li>\n<li style=\"text-align: left;\"><a href=\"https:\/\/drive.google.com\/file\/d\/1gGyf0BmuoplAxzL8mtRfFu3-V5d5dYtO\/view\">Ratificar Comunicado 88<\/a><\/li>\n<li style=\"text-align: left;\"><a href=\"https:\/\/drive.google.com\/file\/d\/1XAA4pOLuCBcaup2H8do-JSl3uaLwoeTd\/view\">Comunicado SAD II N\u00b0 88\u00a0\u00a0<\/a><\/li>\n<li style=\"text-align: left;\"><a href=\"https:\/\/drive.google.com\/drive\/folders\/1ZXVlPXyc6ynaVioY4lHQjyukzdq3pp9D?usp=sharing\">Contenidos m\u00ednimos TFO\u00a0<\/a><\/li>\n<li style=\"text-align: left;\"><a href=\"https:\/\/drive.google.com\/drive\/folders\/1itqshZyRVu7LJWZ2-LHkJV3uyC6pi4Uz?usp=sharing\">Contenidos m\u00ednimos EDI<\/a><\/li>\n<li style=\"text-align: left;\"><a href=\"https:\/\/drive.google.com\/file\/d\/1t0s9PnAFADKd8EugkcR8vQSlwEYly05r\/view\">Rectificar Comunicado 39\u00a0<\/a><\/li>\n<li style=\"text-align: left;\"><a href=\"https:\/\/drive.google.com\/file\/d\/1T6TedwgBWoLqh1wX_KmGDRQdgZUAWpx5\/view\">Comunicado SAD II N\u00ba 39<\/a><\/li>\n<\/ul>\n<h1 style=\"text-align: left;\"><span style=\"color: #339966;\">\u00a0<em>Concursos 2020<\/em><\/span><\/h1>\n<ul>\n<li style=\"text-align: left;\"><a href=\"https:\/\/drive.google.com\/file\/d\/11buUNZDf-ObiMDv0rgbaYHO6T86DpeiO\/view?usp=sharing\">Comunicado SAD II N\u00ba 070<\/a><\/li>\n<li style=\"text-align: left;\"><a href=\"https:\/\/drive.google.com\/file\/d\/1UrNojogzQFeB2mg7fL4AQ6MpIo-sQCko\/view?usp=sharing\">Contenidos m\u00ednimos del EDI 3er a\u00f1o Biolog\u00eda<\/a><\/li>\n<li style=\"text-align: left;\"><a href=\"https:\/\/drive.google.com\/file\/d\/1tdX9-7Uw3M5m2dKft8nxzeM8hIO8Ky3d\/view?usp=sharing\">Comunicado SAD II N\u00ba 007<\/a><\/li>\n<\/ul>\n","protected":false},"excerpt":{"rendered":"<p>Concursos Normativa Provincial\u00a0 Resoluci\u00f3n 5886\/03 Dise\u00f1os Curriculares del Nivel Superior Dise\u00f1o curricular Nivel Secundario\u00a0 Dise\u00f1o curricular Nivel Primario\u00a0 Encuadre Institucional\u00a0 Criterios institucionales de evaluaci\u00f3n\u00a0 Plan de Evaluaci\u00f3n Institucional\u00a0 Requisitos: *La propuesta pedag\u00f3gica se presentar\u00e1 en PDF *En el momento de la inscripci\u00f3n deber\u00e1n presentar declaraci\u00f3n jurada de T\u00edtulos y Antecedentes (ANEXO III), con documentaci\u00f3n respaldatoria, &#8230; <a title=\"Concursos\" class=\"read-more\" href=\"https:\/\/isfd106-bue.infd.edu.ar\/sitio\/concursos\/\" aria-label=\"More on Concursos\">[+]<\/a><\/p>\n","protected":false},"author":386,"featured_media":0,"parent":0,"menu_order":0,"comment_status":"closed","ping_status":"closed","template":"","meta":[],"acf":[],"_links":{"self":[{"href":"https:\/\/isfd106-bue.infd.edu.ar\/sitio\/wp-json\/wp\/v2\/pages\/811"}],"collection":[{"href":"https:\/\/isfd106-bue.infd.edu.ar\/sitio\/wp-json\/wp\/v2\/pages"}],"about":[{"href":"https:\/\/isfd106-bue.infd.edu.ar\/sitio\/wp-json\/wp\/v2\/types\/page"}],"author":[{"embeddable":true,"href":"https:\/\/isfd106-bue.infd.edu.ar\/sitio\/wp-json\/wp\/v2\/users\/386"}],"replies":[{"embeddable":true,"href":"https:\/\/isfd106-bue.infd.edu.ar\/sitio\/wp-json\/wp\/v2\/comments?post=811"}],"version-history":[{"count":29,"href":"https:\/\/isfd106-bue.infd.edu.ar\/sitio\/wp-json\/wp\/v2\/pages\/811\/revisions"}],"predecessor-version":[{"id":3554,"href":"https:\/\/isfd106-bue.infd.edu.ar\/sitio\/wp-json\/wp\/v2\/pages\/811\/revisions\/3554"}],"wp:attachment":[{"href":"https:\/\/isfd106-bue.infd.edu.ar\/sitio\/wp-json\/wp\/v2\/media?parent=811"}],"curies":[{"name":"wp","href":"https:\/\/api.w.org\/{rel}","templated":true}]}}

<h1>Concursos</h1>
<p><strong>Normativa Provincial </strong></p>
<p><a href="https://drive.google.com/file/d/15cZpp_MMrpehwQmv6nUxSpE09WVtf0vI/view?usp=sharing">Resolución 5886/03</a></p>
<p><a href="http://abc.gob.ar/secretarias/areas/subsecretaria-de-educacion/educacion-superior/dir-de-form-doc-inicial/disenos-curriculares">Diseños Curriculares del Nivel Superior</a></p>
<p><a href="http://abc.gob.ar/secretarias/areas/subsecretaria-de-educacion/educacion-secundaria/educacion-secundaria/disenos-curriculares">Diseño curricular Nivel Secundario </a></p>
<p><a href="http://servicios.abc.gov.ar/lainstitucion/organismos/consejogeneral/disenioscurriculares/primaria/2018/dis-curricular-PBA-completo.pdf">Diseño curricular Nivel Primario </a></p>
<p><strong>Encuadre Institucional </strong></p>
<p><a href="https://drive.google.com/file/d/1TvZXulK1qcQYtJILLB-MQPYB3uzPhcEk/view?usp=share_link">Criterios institucionales de evaluación </a></p>
<p><a href="https://drive.google.com/open?id=1xsWXFWop2tdigaNZuvWI7_DSygCKX9aJ">Plan de Evaluación Institucional </a></p>
<p><strong><u>Requisitos</u></strong><u>:</u></p>
<p>*La propuesta pedagógica se presentará en PDF</p>
<p>*En el momento de la inscripción deberán presentar declaración jurada de Títulos y Antecedentes (ANEXO III), con documentación respaldatoria, fotocopia de DNI,  C.V y si posee la oblea donde está inscripto de manera oficial (<strong>todo</strong> escaneado <strong>en formato PDF</strong>, no se aceptarán fotos).  Se completará el formulario drive (que se encuentra en el comunicado respectivo de SAD II) en donde se adjuntarán los archivo PDF como se solicita en el mismo.</p>
<p>*Realizar la inscripción on line, que figura en el Comunicado de SAD II</p>
<h1>Información sobre concursos de la institución.</h1>
<p>Recuerden que se debe presentar la declaración jurada de títulos y antecedentes que obra como Anexo III de la <a href="https://drive.google.com/file/d/15cZpp_MMrpehwQmv6nUxSpE09WVtf0vI/view?usp=sharing">Resolución 5886/03</a>, con la documentación respaldatoria debidamente foliada y encarpetada.</p>
<p>Constituir domicilio, número de teléfono de línea y de celular, y correo electrónico a los efectos de las notificaciones fehacientes que fuera necesario realizar durante el proceso de selección. Se tomará como válido de notificación fehaciente el correo de abc. En caso de no poseer correo abc, puede crearse uno. <a href="https://www.youtube.com/watch?v=Q0zOjkb_HIA">Instructivo</a></p>
<p>Remítase a las Resoluciones y Disposiciones vigentes para la elaboración de las propuestas pedagógicas. Y los enfoques y orientaciones didácticas de los Diseños Curriculares al que se dirige la propuesta y el Reglamento General de las Instituciones Educativas de la provincia de Buenos Aires.</p>
<p>Quedarán fuera del concurso los proyectos que no se ajusten a lo normado en las resoluciones antes mencionadas.</p>
<p>Muchas gracias.</p>
<h1><span style="color: #ff00ff;"><em>Concursos 2023</em></span></h1>
<ul>
<li>Comunicado SAD II N°</li>
<li><a href="https://drive.google.com/file/d/14dbQF9jIzFByYYT0yWPOi_EhW44nOMKZ/view?usp=sharing">Comunicación N° 68</a> y Anexo: <a href="https://drive.google.com/file/d/1kDYdviPNS2wx9RDbs7OSgV2-mL-aDeUO/view?usp=sharing">Formación Docente y ESI. Documento de trabajo para la implementación curricular</a></li>
<li><a href="https://drive.google.com/file/d/159Vpo749PX_7R0nbqt6j-W8sOc3ng7gu/view?usp=sharing">Comunicación N°63</a> y Anexo: <a href="https://drive.google.com/file/d/1yjr1x-uR20_1B_0AUV4XGAzIw3JIQZdV/view?usp=sharing">Formación Docente y Cultura digital. Documento de trabajo para la implementación curricular</a></li>
<li><a href="https://drive.google.com/file/d/1-EsfINBmKve9INjcFn2n6VxPbX6jP3k-/view">Comunicado SAD II N° 302</a></li>
<li><a href="https://drive.google.com/file/d/1tX0_w8oW2KqU3wEuFO9xoCKCK_D_6MpV/view">Comunicado SAD II N° 233</a></li>
<li><a href="https://drive.google.com/file/d/1UMTzA_QrOQzW8iUm4ZnW9yBeHF_g4LhD/view">Comunicado SAD II N° 92</a></li>
<li><a href="https://drive.google.com/file/d/1GSBX6WM86qfjY_tco7yxjJDPn1gUtGuK/view">Comunicado SAD II N° 69</a></li>
</ul>
<h1 style="text-align: left;"><span style="color: #800080;"><em><strong>Concursos 2022</strong></em></span></h1>
<ul>
<li><a href="https://drive.google.com/file/d/1NBMDTcYYGddWG0uF-OqXQxK9melvbI73/view">Comunicado SAD II N° 153 </a></li>
<li><a href="https://drive.google.com/file/d/14K0bT-ikKertcN-tGP_B20gqcg9ttw1w/view">Comunicado SAD II N° 165 </a></li>
<li><a href="https://drive.google.com/file/d/1p-tyoYsYB1fUS9lueZziTL8Jn6a3Hjrn/view">Comunicado SAD II N° 215 </a></li>
<li><a href="https://drive.google.com/file/d/1gjZnjUhYRawP8rpAjx_2dJaNu22lW2FI/view">Comunicado SAD II N° 292 </a></li>
<li><a href="https://drive.google.com/file/d/1kXfXW-rcZBq3Hg3u4toUgkGlVKxtMM_Q/view">Comunicado SAD II N° 317 </a></li>
</ul>
<h1 style="text-align: left;"> <em><span style="color: #ff0000;"><strong>Concursos 2021 </strong></span></em></h1>
<ul>
<li style="text-align: left;"><a href="https://drive.google.com/file/d/1vwqVn3BsJsVsZItG2VvP3UwU0YUdirS-/view">Comunicado SAD II N° 613</a></li>
<li style="text-align: left;"><a href="https://drive.google.com/file/d/1A5Y4uVcxuj9ZdNYOjDDa4nqkpworVd9s/view">Comunicado SAD II Nº 499</a></li>
<li style="text-align: left;"><a href="https://drive.google.com/file/d/1a1hxGpJ8KUKGYkPRcXUsXnnfgdHZDvEr/view">Comunicado SAD II Nº395</a></li>
<li style="text-align: left;"><a href="https://drive.google.com/file/d/1vu8EXQkopHVwkDh-yj6TnD1alpL-CMgH/view">Comunicado SAD II Nº351</a></li>
<li style="text-align: left;"><a href="https://drive.google.com/file/d/1kKEITLebpILsNqwqTE_g14Ta82kJhY2o/view">Comunicado SAD II Nº252</a></li>
<li style="text-align: left;"><a href="https://drive.google.com/file/d/1_HNrOvyPm-chm8aHuqLk50wrUFmndADQ/view?usp=sharing">Contenidos mínimos del EDI 4to año Química</a></li>
<li style="text-align: left;"><a href="https://drive.google.com/file/d/1lEsDIZ47zK58trGR4l9k0tQ1wJlvcxyC/view">Comunicado SAD II Nº 176</a></li>
<li style="text-align: left;"><a href="https://drive.google.com/file/d/1gGyf0BmuoplAxzL8mtRfFu3-V5d5dYtO/view">Ratificar Comunicado 88</a></li>
<li style="text-align: left;"><a href="https://drive.google.com/file/d/1XAA4pOLuCBcaup2H8do-JSl3uaLwoeTd/view">Comunicado SAD II N° 88  </a></li>
<li style="text-align: left;"><a href="https://drive.google.com/drive/folders/1ZXVlPXyc6ynaVioY4lHQjyukzdq3pp9D?usp=sharing">Contenidos mínimos TFO </a></li>
<li style="text-align: left;"><a href="https://drive.google.com/drive/folders/1itqshZyRVu7LJWZ2-LHkJV3uyC6pi4Uz?usp=sharing">Contenidos mínimos EDI</a></li>
<li style="text-align: left;"><a href="https://drive.google.com/file/d/1t0s9PnAFADKd8EugkcR8vQSlwEYly05r/view">Rectificar Comunicado 39 </a></li>
<li style="text-align: left;"><a href="https://drive.google.com/file/d/1T6TedwgBWoLqh1wX_KmGDRQdgZUAWpx5/view">Comunicado SAD II Nº 39</a></li>
</ul>
<h1 style="text-align: left;"><span style="color: #339966;"> <em>Concursos 2020</em></span></h1>
<ul>
<li style="text-align: left;"><a href="https://drive.google.com/file/d/11buUNZDf-ObiMDv0rgbaYHO6T86DpeiO/view?usp=sharing">Comunicado SAD II Nº 070</a></li>
<li style="text-align: left;"><a href="https://drive.google.com/file/d/1UrNojogzQFeB2mg7fL4AQ6MpIo-sQCko/view?usp=sharing">Contenidos mínimos del EDI 3er año Biología</a></li>
<li style="text-align: left;"><a href="https://drive.google.com/file/d/1tdX9-7Uw3M5m2dKft8nxzeM8hIO8Ky3d/view?usp=sharing">Comunicado SAD II Nº 007</a></li>
</ul>

<p>Concursos Normativa Provincial  Resolución 5886/03 Diseños Curriculares del Nivel Superior Diseño curricular Nivel Secundario  Diseño curricular Nivel Primario  Encuadre Institucional  Criterios institucionales de evaluación  Plan de Evaluación Institucional  Requisitos: *La propuesta pedagógica se presentará en PDF *En el momento de la inscripción deberán presentar declaración jurada de Títulos y Antecedentes (ANEXO III), con documentación respaldatoria, &#8230; <a title="Concursos" class="read-more" href="https://isfd106-bue.infd.edu.ar/sitio/concursos/" aria-label="More on Concursos">[+]</a></p>
