{"id":805,"date":"2019-08-30T09:52:20","date_gmt":"2019-08-30T12:52:20","guid":{"rendered":"https:\/\/isfd106-bue.infd.edu.ar\/sitio\/?page_id=805"},"modified":"2026-03-04T15:26:46","modified_gmt":"2026-03-04T18:26:46","slug":"equivalencias","status":"publish","type":"page","link":"https:\/\/isfd106-bue.infd.edu.ar\/sitio\/equivalencias\/","title":{"rendered":"Equivalencias"},"content":{"rendered":"<h3 style=\"text-align: center;\"><span style=\"color: #ff9900;\"><em>EQUIVALENCIAS<\/em><\/span><\/h3>\n<div id=\"contenido_sitio\">\n<p class=\"pa1\">Los alumnos que tienen materias aprobadas en otras instituciones de Educaci\u00f3n Superior universitarias y\/o terciarias con las asignaturas y\/o perspectivas establecidas por los dise\u00f1os curriculares pueden solicitar equivalencias de materias aprobadas. Las equivalencias se norman por el R\u00e9gimen Acad\u00e9mico Marco (RAM) del Nivel Superior :\u00a0<a href=\"https:\/\/drive.google.com\/file\/d\/1OPYGiD8gkOjrk-z3Y5XZ6GUFDMKJtza4\/view?usp=drive_link\">Capitulo 10- RESOLUCION 4196\/24.<\/a><\/p>\n<p class=\"pa1\">El alumno\/a que solicita equivalencias deber\u00e1 presentar:<\/p>\n<p class=\"pa35\">\u2022 el resumen de equivalencia por asignatura y\/o perspectiva; (<a href=\"https:\/\/drive.google.com\/file\/d\/1VtIi3DbA-6eIDTJhgkK-M-cYOO7-XROC\/view?usp=sharing\"><strong>Bajar aqu\u00ed<\/strong><\/a>)<\/p>\n<p class=\"pa35\">\u2022 la solicitud de equivalencia por materia; (<a href=\"https:\/\/drive.google.com\/file\/d\/1R0AqIJSy0Y-lnYvVzcUHWSOi_MlTw_ny\/view?usp=sharing\"><strong>Bajar aqu\u00ed<\/strong><\/a>) Completa de manera correcta y las asignaturas con el nombre que corresponda al plan de estudios.<\/p>\n<p class=\"pa35\">\u2022 el certificado de materias aprobadas original extendido por la instituci\u00f3n de Educaci\u00f3n Superior que corresponda legalizado;<\/p>\n<p class=\"pa35\">\u2022 los programas originales de las asignaturas que presenta para el otorgamiento de la equivalencia, debidamente certificados (si la materia tiene la misma denominaci\u00f3n no se presenta programa, es el \u00fanico caso).<\/p>\n<p class=\"pa1\">Toda la\u00a0<strong>documentaci\u00f3n<\/strong> se entrega de manera presencial al Prosecretario del Instituto.<\/p>\n<p>Cualquier consulta <a href=\"mailto:106instituto@gmail.com\">106instituto@gmail.com<\/a><\/p>\n<p class=\"pa1\">Con esta documentaci\u00f3n, se conformar\u00e1 un legajo \u00fanico por cada alumno\/a y se proceder\u00e1 a verificar que la documentaci\u00f3n presentada cumpla los requisitos solicitados y se halle debidamente certificada por autoridad competente.<\/p>\n<p class=\"pa1\">El Regente o Jefes de \u00c1rea de las carreras y docentes especializados emitir\u00e1n un informe sobre el resultado de la equivalencia que se transcribir\u00e1 en la hoja de solicitud completada por el alumno\/a.<\/p>\n<p class=\"pa1\">El resultado podr\u00e1 ser alguna de estas alternativas:<\/p>\n<p class=\"pa35\">\u2022<em> Se otorga la equivalencia total de la perspectiva y\/o asignatura.<\/em><\/p>\n<p class=\"pa35\"><em>\u2022 Se otorga equivalencia parcial de la perspectiva. Por ello, el docente deber\u00e1 presentar un proyecto de compensaci\u00f3n a cumplimentar por el alumno\/a por la parte del proyecto curricular faltante.<\/em><\/p>\n<p class=\"pa35\"><em>\u2022 No se otorga equivalencia.<\/em><\/p>\n<p class=\"pa39\">Cumplimentado en su totalidad el legajo por el cuerpo docente, regente, el jefe de \u00e1rea o quien corresponda solicitar\u00e1 el aval del equipo directivo a los criterios emitidos por los docentes.<\/p>\n<p>El alumno deber\u00e1 notificarse de manera presencial en la Secretaria a partir del LUNES 18\/5 .<\/p>\n<\/div>\n<h4><span style=\"color: #ff6600;\"><strong>FECHAS PARA PRESENTAR EQUIVALENCIAS: DEL 23 de marzo al 30 de abril de 2026\u00a0<\/strong><\/span><\/h4>\n<h5><strong data-rich-text-format-boundary=\"true\">REUNION INFORMATIVA: Mi\u00e9rcoles 04\/03\/26 a las 19hs a cargo de Secretaria.<\/strong><\/h5>\n<h5><strong data-rich-text-format-boundary=\"true\">Entrega de solicitudes de equivalencias d<\/strong>e manera presencial al Prosecretario del Instituto.<\/h5>\n","protected":false},"excerpt":{"rendered":"<p>EQUIVALENCIAS Los alumnos que tienen materias aprobadas en otras instituciones de Educaci\u00f3n Superior universitarias y\/o terciarias con las asignaturas y\/o perspectivas establecidas por los dise\u00f1os curriculares pueden solicitar equivalencias de materias aprobadas. Las equivalencias se norman por el R\u00e9gimen Acad\u00e9mico Marco (RAM) del Nivel Superior :\u00a0Capitulo 10- RESOLUCION 4196\/24. El alumno\/a que solicita equivalencias deber\u00e1 &#8230; <a title=\"Equivalencias\" class=\"read-more\" href=\"https:\/\/isfd106-bue.infd.edu.ar\/sitio\/equivalencias\/\" aria-label=\"More on Equivalencias\">[+]<\/a><\/p>\n","protected":false},"author":386,"featured_media":0,"parent":0,"menu_order":0,"comment_status":"closed","ping_status":"closed","template":"","meta":[],"acf":[],"_links":{"self":[{"href":"https:\/\/isfd106-bue.infd.edu.ar\/sitio\/wp-json\/wp\/v2\/pages\/805"}],"collection":[{"href":"https:\/\/isfd106-bue.infd.edu.ar\/sitio\/wp-json\/wp\/v2\/pages"}],"about":[{"href":"https:\/\/isfd106-bue.infd.edu.ar\/sitio\/wp-json\/wp\/v2\/types\/page"}],"author":[{"embeddable":true,"href":"https:\/\/isfd106-bue.infd.edu.ar\/sitio\/wp-json\/wp\/v2\/users\/386"}],"replies":[{"embeddable":true,"href":"https:\/\/isfd106-bue.infd.edu.ar\/sitio\/wp-json\/wp\/v2\/comments?post=805"}],"version-history":[{"count":32,"href":"https:\/\/isfd106-bue.infd.edu.ar\/sitio\/wp-json\/wp\/v2\/pages\/805\/revisions"}],"predecessor-version":[{"id":4069,"href":"https:\/\/isfd106-bue.infd.edu.ar\/sitio\/wp-json\/wp\/v2\/pages\/805\/revisions\/4069"}],"wp:attachment":[{"href":"https:\/\/isfd106-bue.infd.edu.ar\/sitio\/wp-json\/wp\/v2\/media?parent=805"}],"curies":[{"name":"wp","href":"https:\/\/api.w.org\/{rel}","templated":true}]}}