{"id":785,"date":"2018-08-29T20:17:15","date_gmt":"2018-08-29T23:17:15","guid":{"rendered":"https:\/\/isfd106-bue.infd.edu.ar\/sitio\/herramientas\/"},"modified":"2023-10-10T09:55:09","modified_gmt":"2023-10-10T12:55:09","slug":"herramientas","status":"publish","type":"page","link":"https:\/\/isfd106-bue.infd.edu.ar\/sitio\/herramientas\/","title":{"rendered":"CENTRO DE ESTUDIANTES"},"content":{"rendered":"<p><strong>CENTRO DE ESTUDIANTES<\/strong><\/p>\n<p>La Provincia\u00a0de Buenos Aires, conforme a\u00a0la Ley\u00a0de Educaci\u00f3n Nacional 26.206, garantiza y promueve la creaci\u00f3n de los organismos de representaci\u00f3n estudiantil bajo la forma de Centros de Estudiantes en cada una de las instituciones educativas de nivel medio y de nivel superior, ya sean de gesti\u00f3n estatal, de gesti\u00f3n privada, de gesti\u00f3n cooperativa o de gesti\u00f3n social. Asimismo arbitrar\u00e1 los medios necesarios para el reconocimiento de los ya existentes.<\/p>\n<p>El Centro de Estudiantes es el \u00f3rgano de participaci\u00f3n, discusi\u00f3n y organizaci\u00f3n de los estudiantes de un mismo establecimiento educativo para la defensa y protecci\u00f3n de sus derechos. Habr\u00e1 un \u00fanico Centro de Estudiantes por escuela.<\/p>\n<p>Tienen por fin los Centros de Estudiantes:<\/p>\n<p>1) Fines:<\/p>\n<p>a) Defender y asegurar el pleno ejercicio de los derechos estudiantiles.<\/p>\n<p>b) Participar de posibles soluciones alternativas a problem\u00e1ticas estudiantiles que se generen<\/p>\n<p>c) Fomentar el debate la participaci\u00f3n y el esp\u00edritu cr\u00edtico.<\/p>\n<p>d) Velar la tarea acad\u00e9mica y administrativa de las instituciones educativas.<\/p>\n<p>e) Representar equitativamente a los estudiantes de la instituci\u00f3n educativa.<\/p>\n<p>f) Fomentar la participaci\u00f3n de los estudiantes en cuestiones art\u00edsticas, deportivas, recreativas y sociales.<\/p>\n<p>g) Contribuir al desarrollo de una cultura pol\u00edtica pluralista en la b\u00fasqueda de consensos y la armonizaci\u00f3n de las diferencias a trav\u00e9s de la discusi\u00f3n y deliberaci\u00f3n.<\/p>\n<p>h) Contribuir al desarrollo de la capacidad de elecci\u00f3n y decisi\u00f3n en un marco de libertad y responsabilidad.<\/p>\n<p>i) Propiciar la internalizaci\u00f3n de los valores democr\u00e1ticos como sistema de gobierno, garantizando la pluralidad de ideas, la defensa del sistema democr\u00e1tico participativo y la defensa de los derechos humanos.<\/p>\n<p>j) Respetar la equidad de g\u00e9nero de cada establecimiento educativo en la conformaci\u00f3n de las listas.<\/p>\n<p><b>Contacto:<\/b><\/p>\n<p><a href=\"https:\/\/www.facebook.com\/unidadfuturosdocentesisfd106\/\">P\u00e1gina de Facebook\u00a0<\/a><\/p>\n","protected":false},"excerpt":{"rendered":"<p>CENTRO DE ESTUDIANTES La Provincia\u00a0de Buenos Aires, conforme a\u00a0la Ley\u00a0de Educaci\u00f3n Nacional 26.206, garantiza y promueve la creaci\u00f3n de los organismos de representaci\u00f3n estudiantil bajo la forma de Centros de Estudiantes en cada una de las instituciones educativas de nivel medio y de nivel superior, ya sean de gesti\u00f3n estatal, de gesti\u00f3n privada, de gesti\u00f3n &#8230; <a title=\"CENTRO DE ESTUDIANTES\" class=\"read-more\" href=\"https:\/\/isfd106-bue.infd.edu.ar\/sitio\/herramientas\/\" aria-label=\"More on CENTRO DE ESTUDIANTES\">[+]<\/a><\/p>\n","protected":false},"author":386,"featured_media":0,"parent":0,"menu_order":0,"comment_status":"closed","ping_status":"closed","template":"","meta":[],"acf":[],"_links":{"self":[{"href":"https:\/\/isfd106-bue.infd.edu.ar\/sitio\/wp-json\/wp\/v2\/pages\/785"}],"collection":[{"href":"https:\/\/isfd106-bue.infd.edu.ar\/sitio\/wp-json\/wp\/v2\/pages"}],"about":[{"href":"https:\/\/isfd106-bue.infd.edu.ar\/sitio\/wp-json\/wp\/v2\/types\/page"}],"author":[{"embeddable":true,"href":"https:\/\/isfd106-bue.infd.edu.ar\/sitio\/wp-json\/wp\/v2\/users\/386"}],"replies":[{"embeddable":true,"href":"https:\/\/isfd106-bue.infd.edu.ar\/sitio\/wp-json\/wp\/v2\/comments?post=785"}],"version-history":[{"count":3,"href":"https:\/\/isfd106-bue.infd.edu.ar\/sitio\/wp-json\/wp\/v2\/pages\/785\/revisions"}],"predecessor-version":[{"id":3611,"href":"https:\/\/isfd106-bue.infd.edu.ar\/sitio\/wp-json\/wp\/v2\/pages\/785\/revisions\/3611"}],"wp:attachment":[{"href":"https:\/\/isfd106-bue.infd.edu.ar\/sitio\/wp-json\/wp\/v2\/media?parent=785"}],"curies":[{"name":"wp","href":"https:\/\/api.w.org\/{rel}","templated":true}]}}