{"id":753,"date":"2018-08-29T20:17:02","date_gmt":"2018-08-29T23:17:02","guid":{"rendered":"https:\/\/isfd106-bue.infd.edu.ar\/sitio\/cai\/"},"modified":"2022-08-09T10:06:23","modified_gmt":"2022-08-09T13:06:23","slug":"cai","status":"publish","type":"page","link":"https:\/\/isfd106-bue.infd.edu.ar\/sitio\/cai\/","title":{"rendered":"CAI"},"content":{"rendered":"<h2 class=\"single-content-title\">Consejo Acad\u00e9mico Institucional (CAI)<\/h2>\n<p><strong>El C.A.I. es un organismo&nbsp;<\/strong>en el que los diferentes claustros (docente, no docente y estudiantil) tienen participaci\u00f3n efectiva para mejorar el funcionamiento acad\u00e9mico de nuestro Instituto.&nbsp; (<a href=\"https:\/\/drive.google.com\/file\/d\/147mit5UafM6UMAj-Wr50uo5yWob0hAX7\/view?usp=sharing\">Resoluci\u00f3n 4044\/09<\/a>)<\/p>\n<p>Todas las Carreras est\u00e1n representadas en \u00e9l.<\/p>\n<p>Es muy importante y necesario que los claustros en formaci\u00f3n piensen propuestas, se agrupen en funci\u00f3n de las coincidencias y puntos de vista y conformen las listas de candidatos que participar\u00e1n en la elecci\u00f3n para designar a los representantes de cada uno de ellos en el Consejo. El claustro docente, representa distintas carreras que se dictan en el establecimiento educativo, en tanto que el claustro no docente incluye a los preceptores, fonoaudi\u00f3logos y bibliotecarios y el estudiantil, al alumnado.<\/p>\n<p>El voto de los estudiantes es Obligatorio.<\/p>\n<p>La participaci\u00f3n es una oportunidad para el di\u00e1logo, el debate de propuestas, la soluci\u00f3n de conflictos y el crecimiento de la calidad pedag\u00f3gica<\/p>\n<p>&nbsp;<\/p>\n<p>&nbsp;<\/p>\n","protected":false},"excerpt":{"rendered":"<p>Consejo Acad\u00e9mico Institucional (CAI) El C.A.I. es un organismo&nbsp;en el que los diferentes claustros (docente, no docente y estudiantil) tienen participaci\u00f3n efectiva para mejorar el funcionamiento acad\u00e9mico de nuestro Instituto.&nbsp; (Resoluci\u00f3n 4044\/09) Todas las Carreras est\u00e1n representadas en \u00e9l. Es muy importante y necesario que los claustros en formaci\u00f3n piensen propuestas, se agrupen en funci\u00f3n &#8230; <a title=\"CAI\" class=\"read-more\" href=\"https:\/\/isfd106-bue.infd.edu.ar\/sitio\/cai\/\" aria-label=\"More on CAI\">[+]<\/a><\/p>\n","protected":false},"author":386,"featured_media":0,"parent":0,"menu_order":0,"comment_status":"closed","ping_status":"closed","template":"","meta":[],"acf":[],"_links":{"self":[{"href":"https:\/\/isfd106-bue.infd.edu.ar\/sitio\/wp-json\/wp\/v2\/pages\/753"}],"collection":[{"href":"https:\/\/isfd106-bue.infd.edu.ar\/sitio\/wp-json\/wp\/v2\/pages"}],"about":[{"href":"https:\/\/isfd106-bue.infd.edu.ar\/sitio\/wp-json\/wp\/v2\/types\/page"}],"author":[{"embeddable":true,"href":"https:\/\/isfd106-bue.infd.edu.ar\/sitio\/wp-json\/wp\/v2\/users\/386"}],"replies":[{"embeddable":true,"href":"https:\/\/isfd106-bue.infd.edu.ar\/sitio\/wp-json\/wp\/v2\/comments?post=753"}],"version-history":[{"count":6,"href":"https:\/\/isfd106-bue.infd.edu.ar\/sitio\/wp-json\/wp\/v2\/pages\/753\/revisions"}],"predecessor-version":[{"id":2955,"href":"https:\/\/isfd106-bue.infd.edu.ar\/sitio\/wp-json\/wp\/v2\/pages\/753\/revisions\/2955"}],"wp:attachment":[{"href":"https:\/\/isfd106-bue.infd.edu.ar\/sitio\/wp-json\/wp\/v2\/media?parent=753"}],"curies":[{"name":"wp","href":"https:\/\/api.w.org\/{rel}","templated":true}]}}