{"id":748,"date":"2018-08-29T20:17:00","date_gmt":"2018-08-29T23:17:00","guid":{"rendered":"https:\/\/isfd106-bue.infd.edu.ar\/sitio\/profesorado-en-quimica\/"},"modified":"2023-12-05T20:15:38","modified_gmt":"2023-12-05T23:15:38","slug":"profesorado-en-quimica","status":"publish","type":"page","link":"https:\/\/isfd106-bue.infd.edu.ar\/sitio\/profesorado-en-quimica\/","title":{"rendered":"Profesorado en Qu\u00edmica"},"content":{"rendered":"\n<h2 class=\"wp-block-heading\">Turno Vespertino <\/h2>\n\n\n<div style=\"text-align: center;\">\n<h2 style=\"text-align: left;\"><img decoding=\"async\" loading=\"lazy\" class=\"alignnone  wp-image-2224\" src=\"https:\/\/isfd106-bue.infd.edu.ar\/sitio\/wp-content\/uploads\/2021\/06\/QUIMICA.jpeg\" alt=\"\" width=\"303\" height=\"227\" srcset=\"https:\/\/isfd106-bue.infd.edu.ar\/sitio\/wp-content\/uploads\/2021\/06\/QUIMICA.jpeg 800w, https:\/\/isfd106-bue.infd.edu.ar\/sitio\/wp-content\/uploads\/2021\/06\/QUIMICA-768x576.jpeg 768w\" sizes=\"(max-width: 303px) 100vw, 303px\" \/>\u00a0<span style=\"color: #ff00ff;\">Sobre la carrera\u00a0<\/span><\/h2>\n<p style=\"text-align: left;\">Los Profesorados en Biolog\u00eda, F\u00edsica y Qu\u00edmica contemplan los dos primeros a\u00f1os de formaci\u00f3n com\u00fan. En ambos cursos se desarrollan contenidos que ser\u00e1n la base para la construcci\u00f3n del \u00c1rea de Ciencias Naturales. As\u00ed, al finalizar los dos primeros a\u00f1os de su carrera, los futuros docentes habr\u00e1n transitado por una formaci\u00f3n general con \u00e9nfasis en aspectos pedag\u00f3gicos, did\u00e1cticos y psicol\u00f3gicos y poseer\u00e1n los conocimientos cient\u00edficos b\u00e1sicos para iniciar la formaci\u00f3n espec\u00edfica en una de las disciplinas.<\/p>\n<p style=\"text-align: left;\">En los a\u00f1os siguientes, se ofrecen espacios de formaci\u00f3n espec\u00edfica\u00a0 para la adecuada formaci\u00f3n en la especialidad elegida, en funci\u00f3n de los requerimientos interdisciplinarios del conocimiento en la actualidad. Tal estructuraci\u00f3n garantiza, simult\u00e1neamente, el dominio de la propia disciplina y la idoneidad del egresado para desempe\u00f1arse en la escuela secundaria en el \u00c1rea de Ciencias Naturales.<br \/>El proceso educativo propuesto en la etapa inicial de estos profesorados requiere m\u00e1ximo esfuerzo para poner de manifiesto las interrelaciones entre los contenidos provenientes de las distintas disciplinas. Cabe se\u00f1alar que, seg\u00fan la disciplina que elijan los alumnos, muchos de los contenidos ser\u00e1n retomados, con un nivel de mayor profundidad, en los dos \u00faltimos a\u00f1os de la carrera.<br \/>Se plantea un trabajo de\u00a0 de interrelaci\u00f3n, profundizaci\u00f3n, extensi\u00f3n y divulgaci\u00f3n de tem\u00e1ticas con enfoque multidisciplinar. Ello permitir\u00e1 la formaci\u00f3n\u00a0 necesaria en aspectos en que las disciplinas aisladas dar\u00edan una visi\u00f3n parcial o insuficiente en cuanto a sus alcances y relevancia. Es importante, asimismo, en funci\u00f3n de la transposici\u00f3n did\u00e1ctica futura, familiarizar a los estudiantes con instrumental y t\u00e9cnicas experimentales y promover como acciones habituales el planteo y resoluci\u00f3n de situaciones problem\u00e1ticas, la formulaci\u00f3n de hip\u00f3tesis y explicaciones provisorias y el dise\u00f1o y realizaci\u00f3n de proyectos de investigaci\u00f3n escolar. (Dise\u00f1o curricular, 1999)<\/p>\n<h3 style=\"text-align: left;\"><span style=\"color: #ff00ff;\">Presentaci\u00f3n de la carrera<\/span><\/h3>\n<p style=\"text-align: left;\"><img decoding=\"async\" loading=\"lazy\" class=\"alignnone wp-image-1861\" src=\"https:\/\/isfd106-bue.infd.edu.ar\/sitio\/wp-content\/uploads\/2020\/10\/IMPORTANTE.png\" alt=\"\" width=\"73\" height=\"73\" \/>La cursada\u00a0 se realiza en turno vespertino de 18.00 a 22.10 horas.<br \/>La Pr\u00e1ctica docente se realiza en contra turno.<br \/>En la estructura curricular podr\u00e1n visibilizar el Plan de estudio.<\/p>\n<\/div>\n<h4 style=\"text-align: left;\">Dise\u00f1o curricular nuevo (se implementa 1er a\u00f1o a partir de 2023)<\/h4>\n<ul>\n<li style=\"text-align: left;\"><a href=\"https:\/\/drive.google.com\/file\/d\/1NfuG7yTFRJTA5uQ3fZHq-ncedZooxv17\/view?usp=sharing\">Dise\u00f1o Curricular<\/a>\u00a0<\/li>\n<\/ul>\n<h4 style=\"text-align: left;\"><strong>Dise\u00f1o Curricular anterior (vigente en 2023 para 2do, 3er y 4to a\u00f1o)\u00a0<\/strong><\/h4>\n<div style=\"text-align: center;\">\n<ul>\n<li style=\"text-align: left;\"><a style=\"text-align: left;\" href=\"https:\/\/drive.google.com\/open?id=1NNStvwSnoiZYyZTI-uSqfkvd8rBmf1ZO\">Dise\u00f1o Curricular<\/a><\/li>\n<li style=\"text-align: left;\"><a href=\"https:\/\/drive.google.com\/open?id=11eklXgwyeM0qWEL5iEmT0ZdM1SufB9H0\">Estructura Curricular 1er y 2do a\u00f1o (Tronco Com\u00fan)\u00a0<\/a><\/li>\n<li style=\"text-align: left;\"><a href=\"https:\/\/drive.google.com\/open?id=1bTaWv92jqIZ957_L8oEJN5ud1MuIaRYt\">Estructura Curricular 3er y 4to a\u00f1o (Espec\u00edfico)\u00a0<\/a><\/li>\n<li style=\"text-align: left;\"><a href=\"https:\/\/drive.google.com\/open?id=1ikewzfqXTU0M5qz904Yg1na2o5F49P2z\">Correlatividades<\/a><\/li>\n<\/ul>\n<h3 style=\"text-align: left;\"><strong><img decoding=\"async\" loading=\"lazy\" class=\"alignnone wp-image-1868\" src=\"https:\/\/isfd106-bue.infd.edu.ar\/sitio\/wp-content\/uploads\/2020\/10\/20080418145227-estudiando.gif\" alt=\"\" width=\"102\" height=\"102\" \/><span style=\"color: #ff00ff;\">Programas\u00a0<\/span><\/strong><\/h3>\n<p style=\"text-align: left;\"><a href=\"https:\/\/isfd106-bue.infd.edu.ar\/sitio\/programas-de-quimica\/\">A\u00f1o 2020: Programas\u00a0<\/a><\/p>\n<p style=\"text-align: left;\"><a href=\"https:\/\/drive.google.com\/drive\/folders\/1SkNOtwP5e03Jh47Ayl1JdD-xlFVkVpbv?usp=sharing\">A\u00f1o 2021: Programas\u00a0 ( 1\u00ba y 2\u00ba a\u00f1o- tronco com\u00fan)\u00a0<\/a><\/p>\n<p style=\"text-align: left;\"><a href=\"https:\/\/drive.google.com\/drive\/folders\/1xhDsag6B5CsvxWP_HyN0TWs3g8BNiuJf?usp=sharing\">A\u00f1o 2021: Programas ( 3\u00ba y 4\u00ba)<\/a><\/p>\n<\/div>","protected":false},"excerpt":{"rendered":"<p>Turno Vespertino \u00a0Sobre la carrera\u00a0 Los Profesorados en Biolog\u00eda, F\u00edsica y Qu\u00edmica contemplan los dos primeros a\u00f1os de formaci\u00f3n com\u00fan. En ambos cursos se desarrollan contenidos que ser\u00e1n la base para la construcci\u00f3n del \u00c1rea de Ciencias Naturales. As\u00ed, al finalizar los dos primeros a\u00f1os de su carrera, los futuros docentes habr\u00e1n transitado por una &#8230; <a title=\"Profesorado en Qu\u00edmica\" class=\"read-more\" href=\"https:\/\/isfd106-bue.infd.edu.ar\/sitio\/profesorado-en-quimica\/\" aria-label=\"More on Profesorado en Qu\u00edmica\">[+]<\/a><\/p>\n","protected":false},"author":386,"featured_media":0,"parent":0,"menu_order":0,"comment_status":"closed","ping_status":"closed","template":"","meta":[],"acf":[],"_links":{"self":[{"href":"https:\/\/isfd106-bue.infd.edu.ar\/sitio\/wp-json\/wp\/v2\/pages\/748"}],"collection":[{"href":"https:\/\/isfd106-bue.infd.edu.ar\/sitio\/wp-json\/wp\/v2\/pages"}],"about":[{"href":"https:\/\/isfd106-bue.infd.edu.ar\/sitio\/wp-json\/wp\/v2\/types\/page"}],"author":[{"embeddable":true,"href":"https:\/\/isfd106-bue.infd.edu.ar\/sitio\/wp-json\/wp\/v2\/users\/386"}],"replies":[{"embeddable":true,"href":"https:\/\/isfd106-bue.infd.edu.ar\/sitio\/wp-json\/wp\/v2\/comments?post=748"}],"version-history":[{"count":13,"href":"https:\/\/isfd106-bue.infd.edu.ar\/sitio\/wp-json\/wp\/v2\/pages\/748\/revisions"}],"predecessor-version":[{"id":3765,"href":"https:\/\/isfd106-bue.infd.edu.ar\/sitio\/wp-json\/wp\/v2\/pages\/748\/revisions\/3765"}],"wp:attachment":[{"href":"https:\/\/isfd106-bue.infd.edu.ar\/sitio\/wp-json\/wp\/v2\/media?parent=748"}],"curies":[{"name":"wp","href":"https:\/\/api.w.org\/{rel}","templated":true}]}}