{"id":732,"date":"2018-08-29T20:16:53","date_gmt":"2018-08-29T23:16:53","guid":{"rendered":"https:\/\/isfd106-bue.infd.edu.ar\/sitio\/profesorado-educacion-primaria\/"},"modified":"2024-02-14T16:50:13","modified_gmt":"2024-02-14T19:50:13","slug":"profesorado-educacion-primaria","status":"publish","type":"page","link":"https:\/\/isfd106-bue.infd.edu.ar\/sitio\/profesorado-educacion-primaria\/","title":{"rendered":"Profesorado Educacion Primaria"},"content":{"rendered":"\n<h2 class=\"wp-block-heading\">Turno Ma\u00f1ana<\/h2>\n\n\n\n<h2 class=\"wp-block-heading\">Turno Vespertino <\/h2>\n\n\n<h2><img decoding=\"async\" loading=\"lazy\" class=\"alignnone  wp-image-2232\" src=\"https:\/\/isfd106-bue.infd.edu.ar\/sitio\/wp-content\/uploads\/2021\/06\/PRIMARIA-1-750x1000.jpeg\" alt=\"\" width=\"160\" height=\"214\" srcset=\"https:\/\/isfd106-bue.infd.edu.ar\/sitio\/wp-content\/uploads\/2021\/06\/PRIMARIA-1-750x1000.jpeg 750w, https:\/\/isfd106-bue.infd.edu.ar\/sitio\/wp-content\/uploads\/2021\/06\/PRIMARIA-1-768x1024.jpeg 768w, https:\/\/isfd106-bue.infd.edu.ar\/sitio\/wp-content\/uploads\/2021\/06\/PRIMARIA-1.jpeg 960w\" sizes=\"(max-width: 160px) 100vw, 160px\" \/>\u00a0<span style=\"color: #993300;\">Sobre la carrera<\/span><\/h2>\n<p>El Profesorado de\u00a0Educaci\u00f3n Primaria\u00a0tiene una duraci\u00f3n de cuatro a\u00f1os.\u00a0 Se puede optar por dos turnos: el turno ma\u00f1ana que funciona de lunes a viernes de 8.00 a 12.10 hs y los cupos est\u00e1n limitado por la capacidad edilicia y el\u00a0 turno vespertino, cuyo horario es de 18:00 a 22:10 hs.\u00a0 Las pr\u00e1cticas docentes se cursan en contraturno.\u00a0\u00a0 La modalidad de cursada es presencial y para inscribirse los aspirantes deben cumplir como requisito indispensable\u00a0haber terminado el colegio secundario.<\/p>\n<p>El dise\u00f1o curricular de la carrera se basa en un\u00a0 paradigma articulador, en cuanto marco referencial de la educaci\u00f3n superior, articula de manera compleja algunos elementos conceptuales emergentes del escenario en que se desenvuelve la formaci\u00f3n de docentes, con el posicionamiento de sus \u201csujetos curriculares\u201d (docentes formadores, docentes en formaci\u00f3n y futuros alumnos\/as de los docentes en formaci\u00f3n). Estos elementos de diversa \u00edndole constituyen una configuraci\u00f3n en la que cada uno cobra sentido relacional con los otros y con el marco general.<br \/>Los conceptos iniciales constitutivos son:<br \/>\u2022 <strong>pr\u00e1ctica transformadora<\/strong> de la Formaci\u00f3n Docente como concepto eje;<br \/>\u2022 <strong>profesional de la ense\u00f1anza<\/strong>, pedagogo hacedor del discurso de la educaci\u00f3n y maestro\/a como hacedor de cultura y del discurso cultural como horizonte formativo que confiere la direccionalidad a la totalidad de la propuesta;<br \/>\u2022 <strong>posicionamiento transformado<\/strong>r frente a los desaf\u00edos que le plantea la problem\u00e1tica \u00e1ulica, institucional y social;<br \/>\u2022<strong> continuum formativo<\/strong> que se produce en los espacios singulares de actuaci\u00f3n dentro de los cuales adquieren preeminencia diversos conflictos;<br \/>\u2022 <strong>sujetos formadores y en formaci\u00f3n<\/strong> que se entrelazan en el proceso curricular;<br \/>\u2022 <strong>construcci\u00f3n participativa del curr\u00edculum<\/strong>, que se reconoce, propicia y pone en acci\u00f3n como \u00e1mbito de producci\u00f3n proyectual, pero a la vez de formaci\u00f3n permanente y de transformaci\u00f3n institucional.<br \/>El dise\u00f1o curricular, por su parte, se sit\u00faa en un paradigma articulador con centralidad sociocultural y con intencionalidad pol\u00edtico cultural. Se lo considera articulador porque en \u00e9l interact\u00faan y se interrelacionan otras l\u00f3gicas: la l\u00f3gica disciplinar, la l\u00f3gica psicol\u00f3gica, la l\u00f3gica de los saberes pedag\u00f3gico-did\u00e1cticos y la l\u00f3gica de la pr\u00e1ctica docente. Pero en \u00e9l se privilegia la l\u00f3gica articulatoria, producida por la perspectiva y el significado sociocultural. Sin desconocer la construcci\u00f3n te\u00f3rico epistemol\u00f3gica de cada l\u00f3gica, se pone el acento en la centralidad sociocultural del campo que las contiene y articula, y desde donde se propone avanzar en su reconocimiento.<br \/>La intencionalidad pol\u00edtico-cultural est\u00e1 dada por la b\u00fasqueda de incidir desde la Formaci\u00f3n Docente en la reconstrucci\u00f3n del sentido pol\u00edtico-cultural de la escuela y del sentido de la docencia en el mundo actual, tomando como referencia y tradici\u00f3n residual el camino recorrido por la educaci\u00f3n en Latinoam\u00e9rica, que da sentido a ese paradigma articulador con centralidad sociocultural.<\/p>\n<h3><span style=\"color: #993300;\">Presentaci\u00f3n de la carrera\u00a0<\/span><\/h3>\n<p>\u00a0<\/p>\n<p><iframe loading=\"lazy\" title=\"YouTube video player\" src=\"https:\/\/www.youtube.com\/embed\/wnBfJK_2CZQ\" width=\"560\" height=\"315\" frameborder=\"0\" allowfullscreen=\"allowfullscreen\"><\/iframe><\/p>\n<p>\u00a0<\/p>\n<p><img decoding=\"async\" loading=\"lazy\" class=\"alignnone  wp-image-1861\" src=\"https:\/\/isfd106-bue.infd.edu.ar\/sitio\/wp-content\/uploads\/2020\/10\/IMPORTANTE.png\" alt=\"\" width=\"103\" height=\"103\" \/>\u00a0<strong>Ingrese aqu\u00ed\u00a0<\/strong><\/p>\n<ul>\n<li><a href=\"https:\/\/drive.google.com\/open?id=13FHmPqfHA4IbpE07EdUUd25M6c0ZKkFZ\">Dise\u00f1o Curricular<\/a><\/li>\n<li><a href=\"https:\/\/drive.google.com\/open?id=1eMmsvD3PWJbUFEPwATUqcS08RkmRYdvN\">Estructura Curricular<\/a><\/li>\n<li><a href=\"https:\/\/drive.google.com\/file\/d\/13CPTXplQM_Yxu0ABClQ0LMggz9UVE8Dm\/view?usp=sharing\">Correlatividades<\/a><\/li>\n<\/ul>\n<h2><img decoding=\"async\" loading=\"lazy\" class=\"alignnone  wp-image-2231\" src=\"https:\/\/isfd106-bue.infd.edu.ar\/sitio\/wp-content\/uploads\/2021\/06\/primaria.gif\" alt=\"\" width=\"149\" height=\"129\" \/><span style=\"color: #993300;\">\u00a0Programas\u00a0<\/span><\/h2>\n<p><a href=\"https:\/\/isfd106-bue.infd.edu.ar\/sitio\/programas-de-primaria\/\">A\u00f1o 2020: Programas\u00a0<\/a><\/p>\n<p><a href=\"https:\/\/drive.google.com\/drive\/folders\/1ToSkis3IlXohyk9VgfKOtvgre2LLojGS?usp=sharing\">A\u00f1o 2021: Programas\u00a0<\/a><\/p>","protected":false},"excerpt":{"rendered":"<p>Turno Ma\u00f1ana Turno Vespertino \u00a0Sobre la carrera El Profesorado de\u00a0Educaci\u00f3n Primaria\u00a0tiene una duraci\u00f3n de cuatro a\u00f1os.\u00a0 Se puede optar por dos turnos: el turno ma\u00f1ana que funciona de lunes a viernes de 8.00 a 12.10 hs y los cupos est\u00e1n limitado por la capacidad edilicia y el\u00a0 turno vespertino, cuyo horario es de 18:00 a &#8230; <a title=\"Profesorado Educacion Primaria\" class=\"read-more\" href=\"https:\/\/isfd106-bue.infd.edu.ar\/sitio\/profesorado-educacion-primaria\/\" aria-label=\"More on Profesorado Educacion Primaria\">[+]<\/a><\/p>\n","protected":false},"author":386,"featured_media":0,"parent":0,"menu_order":0,"comment_status":"closed","ping_status":"closed","template":"","meta":[],"acf":[],"_links":{"self":[{"href":"https:\/\/isfd106-bue.infd.edu.ar\/sitio\/wp-json\/wp\/v2\/pages\/732"}],"collection":[{"href":"https:\/\/isfd106-bue.infd.edu.ar\/sitio\/wp-json\/wp\/v2\/pages"}],"about":[{"href":"https:\/\/isfd106-bue.infd.edu.ar\/sitio\/wp-json\/wp\/v2\/types\/page"}],"author":[{"embeddable":true,"href":"https:\/\/isfd106-bue.infd.edu.ar\/sitio\/wp-json\/wp\/v2\/users\/386"}],"replies":[{"embeddable":true,"href":"https:\/\/isfd106-bue.infd.edu.ar\/sitio\/wp-json\/wp\/v2\/comments?post=732"}],"version-history":[{"count":15,"href":"https:\/\/isfd106-bue.infd.edu.ar\/sitio\/wp-json\/wp\/v2\/pages\/732\/revisions"}],"predecessor-version":[{"id":3826,"href":"https:\/\/isfd106-bue.infd.edu.ar\/sitio\/wp-json\/wp\/v2\/pages\/732\/revisions\/3826"}],"wp:attachment":[{"href":"https:\/\/isfd106-bue.infd.edu.ar\/sitio\/wp-json\/wp\/v2\/media?parent=732"}],"curies":[{"name":"wp","href":"https:\/\/api.w.org\/{rel}","templated":true}]}}

<h2 class="wp-block-heading">Turno Mañana</h2>



<h2 class="wp-block-heading">Turno Vespertino </h2>


<h2><img decoding="async" loading="lazy" class="alignnone  wp-image-2232" src="https://isfd106-bue.infd.edu.ar/sitio/wp-content/uploads/2021/06/PRIMARIA-1-750x1000.jpeg" alt="" width="160" height="214" srcset="https://isfd106-bue.infd.edu.ar/sitio/wp-content/uploads/2021/06/PRIMARIA-1-750x1000.jpeg 750w, https://isfd106-bue.infd.edu.ar/sitio/wp-content/uploads/2021/06/PRIMARIA-1-768x1024.jpeg 768w, https://isfd106-bue.infd.edu.ar/sitio/wp-content/uploads/2021/06/PRIMARIA-1.jpeg 960w" sizes="(max-width: 160px) 100vw, 160px" /> <span style="color: #993300;">Sobre la carrera</span></h2>
<p>El Profesorado de Educación Primaria tiene una duración de cuatro años.  Se puede optar por dos turnos: el turno mañana que funciona de lunes a viernes de 8.00 a 12.10 hs y los cupos están limitado por la capacidad edilicia y el  turno vespertino, cuyo horario es de 18:00 a 22:10 hs.  Las prácticas docentes se cursan en contraturno.   La modalidad de cursada es presencial y para inscribirse los aspirantes deben cumplir como requisito indispensable haber terminado el colegio secundario.</p>
<p>El diseño curricular de la carrera se basa en un  paradigma articulador, en cuanto marco referencial de la educación superior, articula de manera compleja algunos elementos conceptuales emergentes del escenario en que se desenvuelve la formación de docentes, con el posicionamiento de sus “sujetos curriculares” (docentes formadores, docentes en formación y futuros alumnos/as de los docentes en formación). Estos elementos de diversa índole constituyen una configuración en la que cada uno cobra sentido relacional con los otros y con el marco general.<br />Los conceptos iniciales constitutivos son:<br />• <strong>práctica transformadora</strong> de la Formación Docente como concepto eje;<br />• <strong>profesional de la enseñanza</strong>, pedagogo hacedor del discurso de la educación y maestro/a como hacedor de cultura y del discurso cultural como horizonte formativo que confiere la direccionalidad a la totalidad de la propuesta;<br />• <strong>posicionamiento transformado</strong>r frente a los desafíos que le plantea la problemática áulica, institucional y social;<br />•<strong> continuum formativo</strong> que se produce en los espacios singulares de actuación dentro de los cuales adquieren preeminencia diversos conflictos;<br />• <strong>sujetos formadores y en formación</strong> que se entrelazan en el proceso curricular;<br />• <strong>construcción participativa del currículum</strong>, que se reconoce, propicia y pone en acción como ámbito de producción proyectual, pero a la vez de formación permanente y de transformación institucional.<br />El diseño curricular, por su parte, se sitúa en un paradigma articulador con centralidad sociocultural y con intencionalidad político cultural. Se lo considera articulador porque en él interactúan y se interrelacionan otras lógicas: la lógica disciplinar, la lógica psicológica, la lógica de los saberes pedagógico-didácticos y la lógica de la práctica docente. Pero en él se privilegia la lógica articulatoria, producida por la perspectiva y el significado sociocultural. Sin desconocer la construcción teórico epistemológica de cada lógica, se pone el acento en la centralidad sociocultural del campo que las contiene y articula, y desde donde se propone avanzar en su reconocimiento.<br />La intencionalidad político-cultural está dada por la búsqueda de incidir desde la Formación Docente en la reconstrucción del sentido político-cultural de la escuela y del sentido de la docencia en el mundo actual, tomando como referencia y tradición residual el camino recorrido por la educación en Latinoamérica, que da sentido a ese paradigma articulador con centralidad sociocultural.</p>
<h3><span style="color: #993300;">Presentación de la carrera </span></h3>
<p> </p>
<p><iframe loading="lazy" title="YouTube video player" src="https://www.youtube.com/embed/wnBfJK_2CZQ" width="560" height="315" frameborder="0" allowfullscreen="allowfullscreen"></iframe></p>
<p> </p>
<p><img decoding="async" loading="lazy" class="alignnone  wp-image-1861" src="https://isfd106-bue.infd.edu.ar/sitio/wp-content/uploads/2020/10/IMPORTANTE.png" alt="" width="103" height="103" /> <strong>Ingrese aquí </strong></p>
<ul>
<li><a href="https://drive.google.com/open?id=13FHmPqfHA4IbpE07EdUUd25M6c0ZKkFZ">Diseño Curricular</a></li>
<li><a href="https://drive.google.com/open?id=1eMmsvD3PWJbUFEPwATUqcS08RkmRYdvN">Estructura Curricular</a></li>
<li><a href="https://drive.google.com/file/d/13CPTXplQM_Yxu0ABClQ0LMggz9UVE8Dm/view?usp=sharing">Correlatividades</a></li>
</ul>
<h2><img decoding="async" loading="lazy" class="alignnone  wp-image-2231" src="https://isfd106-bue.infd.edu.ar/sitio/wp-content/uploads/2021/06/primaria.gif" alt="" width="149" height="129" /><span style="color: #993300;"> Programas </span></h2>
<p><a href="https://isfd106-bue.infd.edu.ar/sitio/programas-de-primaria/">Año 2020: Programas </a></p>
<p><a href="https://drive.google.com/drive/folders/1ToSkis3IlXohyk9VgfKOtvgre2LLojGS?usp=sharing">Año 2021: Programas </a></p>

<p>Turno Mañana Turno Vespertino  Sobre la carrera El Profesorado de Educación Primaria tiene una duración de cuatro años.  Se puede optar por dos turnos: el turno mañana que funciona de lunes a viernes de 8.00 a 12.10 hs y los cupos están limitado por la capacidad edilicia y el  turno vespertino, cuyo horario es de 18:00 a &#8230; <a title="Profesorado Educacion Primaria" class="read-more" href="https://isfd106-bue.infd.edu.ar/sitio/profesorado-educacion-primaria/" aria-label="More on Profesorado Educacion Primaria">[+]</a></p>
