{"id":3978,"date":"2025-11-05T13:01:21","date_gmt":"2025-11-05T16:01:21","guid":{"rendered":"https:\/\/isfd106-bue.infd.edu.ar\/sitio\/?page_id=3978"},"modified":"2025-11-05T21:54:38","modified_gmt":"2025-11-06T00:54:38","slug":"profesorado-de-educacion-secundaria-tecnico-en-electronica","status":"publish","type":"page","link":"https:\/\/isfd106-bue.infd.edu.ar\/sitio\/profesorado-de-educacion-secundaria-tecnico-en-electronica\/","title":{"rendered":"Profesorado de Educaci\u00f3n Secundaria T\u00e9cnico en Electr\u00f3nica"},"content":{"rendered":"\n<p><\/p>\n\n\n\n<p>TURNO VESPERTINO<\/p>\n\n\n\n<p><strong>Ingrese aqu\u00ed\u00a0<\/strong><\/p>\n\n\n\n<figure class=\"wp-block-image size-full is-resized\"><img decoding=\"async\" loading=\"lazy\" src=\"https:\/\/isfd106-bue.infd.edu.ar\/sitio\/wp-content\/uploads\/2025\/11\/image-1.png\" alt=\"\" class=\"wp-image-3989\" width=\"118\" height=\"119\"\/><\/figure>\n\n\n\n<p><a href=\"https:\/\/drive.google.com\/file\/d\/1JEn-xf2dNAdWiPN4SJxczZI0pjey7Baj\/view?usp=sharing\">Dise\u00f1o Curricular <\/a><\/p>\n\n\n\n<p><\/p>\n\n\n\n<p><\/p>\n","protected":false},"excerpt":{"rendered":"<p>TURNO VESPERTINO Ingrese aqu\u00ed\u00a0 Dise\u00f1o Curricular<\/p>\n","protected":false},"author":589,"featured_media":0,"parent":0,"menu_order":0,"comment_status":"closed","ping_status":"closed","template":"","meta":[],"acf":[],"_links":{"self":[{"href":"https:\/\/isfd106-bue.infd.edu.ar\/sitio\/wp-json\/wp\/v2\/pages\/3978"}],"collection":[{"href":"https:\/\/isfd106-bue.infd.edu.ar\/sitio\/wp-json\/wp\/v2\/pages"}],"about":[{"href":"https:\/\/isfd106-bue.infd.edu.ar\/sitio\/wp-json\/wp\/v2\/types\/page"}],"author":[{"embeddable":true,"href":"https:\/\/isfd106-bue.infd.edu.ar\/sitio\/wp-json\/wp\/v2\/users\/589"}],"replies":[{"embeddable":true,"href":"https:\/\/isfd106-bue.infd.edu.ar\/sitio\/wp-json\/wp\/v2\/comments?post=3978"}],"version-history":[{"count":3,"href":"https:\/\/isfd106-bue.infd.edu.ar\/sitio\/wp-json\/wp\/v2\/pages\/3978\/revisions"}],"predecessor-version":[{"id":3990,"href":"https:\/\/isfd106-bue.infd.edu.ar\/sitio\/wp-json\/wp\/v2\/pages\/3978\/revisions\/3990"}],"wp:attachment":[{"href":"https:\/\/isfd106-bue.infd.edu.ar\/sitio\/wp-json\/wp\/v2\/media?parent=3978"}],"curies":[{"name":"wp","href":"https:\/\/api.w.org\/{rel}","templated":true}]}}