{"id":3970,"date":"2025-10-27T12:08:59","date_gmt":"2025-10-27T15:08:59","guid":{"rendered":"https:\/\/isfd106-bue.infd.edu.ar\/sitio\/?page_id=3970"},"modified":"2026-02-25T20:37:21","modified_gmt":"2026-02-25T23:37:21","slug":"ingreso-2026","status":"publish","type":"page","link":"https:\/\/isfd106-bue.infd.edu.ar\/sitio\/ingreso-2026\/","title":{"rendered":"Ingreso 2026"},"content":{"rendered":"\n<p>Aqu\u00ed encontrar\u00e1 toda la informaci\u00f3n relacionada al ingreso<\/p>\n\n\n\n<p><\/p>\n\n\n\n<p class=\"has-x-large-font-size\"><strong>La inscripci\u00f3n es el 24\/02 mediante un formulario on line a partir de las 9 horas<\/strong>.<\/p>\n\n\n\n<p>Los links los encontrar\u00e1 en esta p\u00e1gina . En el transcurso del d\u00eda recibir\u00e1n un mail con la confirmaci\u00f3n y ma\u00f1ana MIERCOLES 25\/2 deber\u00e1n acercarse a entregar la carpeta con el legajo al instituto para concluir la inscripci\u00f3n.<\/p>\n\n\n\n<p><\/p>\n\n\n\n<p class=\"has-text-align-center has-large-font-size\"><strong>Requisitos<\/strong>: DNI &#8211; T\u00edtulo Secundario \/ Constancia de T\u00edtulo en tr\u00e1mite \/ Constancia de finalizaci\u00f3n de estudios con materias que se adeudan. <\/p>\n\n\n\n<p><\/p>\n\n\n\n<p><img decoding=\"async\" loading=\"lazy\" width=\"224\" height=\"225\" class=\"wp-image-3987\" style=\"width: 150px;\" src=\"https:\/\/isfd106-bue.infd.edu.ar\/sitio\/wp-content\/uploads\/2025\/11\/image.png\" alt=\"\"><a href=\"https:\/\/docs.google.com\/presentation\/d\/19cU7DBs_2xdoRwVkvIFzHTW_eXgAbpEr\/edit?usp=sharing&amp;ouid=103250059030289049492&amp;rtpof=true&amp;sd=true\">PowerPoint informativo<\/a><\/p>\n\n\n\n<p class=\"has-medium-font-size\">El link estar\u00e1 activo a partir del d\u00eda 24\/02 a las 9 horas&#8230;<\/p>\n\n\n\n<p class=\"has-accent-color has-luminous-vivid-amber-to-luminous-vivid-orange-gradient-background has-text-color has-background has-large-font-size\">PROFESORADO DE EDUCACI\u00d3N PRIMARIA &#8211; solo turno vespertino &#8211; <em><a href=\"https:\/\/docs.google.com\/forms\/d\/e\/1FAIpQLScJ9PhxVBDIBj3ntypPyov5P5dHu87fF2YXnnZTRHjkpbp-Mg\/viewform?usp=dialog\">link para acceder al formula<\/a>rio<\/em><\/p>\n\n\n\n<p class=\"has-accent-color has-electric-grass-gradient-background has-text-color has-background has-large-font-size\">PROFESORADO DE EDUCACI\u00d3N SECUNDARIA EN MATEM\u00c1TICA &#8211; <a href=\"https:\/\/docs.google.com\/forms\/d\/e\/1FAIpQLSfknXGtiMhsUSeS5FU-Hpnjed2NoE5rzcsr-admE9c4TzHe7A\/viewform?usp=dialog\"><em>link para acceder al formulario<\/em><\/a><\/p>\n\n\n\n<p class=\"has-accent-color has-blush-light-purple-gradient-background has-text-color has-background has-large-font-size\">PROFESORADO DE EDUCACI\u00d3N SECUNDARIA EN BIOLOG\u00cdA &#8211; <a href=\"https:\/\/forms.gle\/UBRzosBdHitdbKmh8\"><em>link para acceder al formulario <\/em><\/a><\/p>\n\n\n\n<p class=\"has-accent-color has-very-light-gray-to-cyan-bluish-gray-gradient-background has-text-color has-background has-large-font-size\">PROFESORADO DE EDUCACI\u00d3N SECUNDARIA EN F\u00cdSICA &#8211;  <a href=\"https:\/\/forms.gle\/74ZDk2szLsWhJ74A6\"><em>link para acceder al formul<\/em>a<em>rio <\/em><\/a><\/p>\n\n\n\n<p class=\"has-accent-color has-light-green-cyan-to-vivid-green-cyan-gradient-background has-text-color has-background has-large-font-size\">PROFESORADO DE EDUCACI\u00d3N SECUNDARIA EN QU\u00cdMICA &#8211; <a href=\"https:\/\/forms.gle\/HmShEbjEQy7aqWPM7\"><em>link para acceder al formulario <\/em><\/a><\/p>\n","protected":false},"excerpt":{"rendered":"<p>Aqu\u00ed encontrar\u00e1 toda la informaci\u00f3n relacionada al ingreso La inscripci\u00f3n es el 24\/02 mediante un formulario on line a partir de las 9 horas. Los links los encontrar\u00e1 en esta p\u00e1gina . En el transcurso del d\u00eda recibir\u00e1n un mail con la confirmaci\u00f3n y ma\u00f1ana MIERCOLES 25\/2 deber\u00e1n acercarse a entregar la carpeta con el &#8230; <a title=\"Ingreso 2026\" class=\"read-more\" href=\"https:\/\/isfd106-bue.infd.edu.ar\/sitio\/ingreso-2026\/\" aria-label=\"More on Ingreso 2026\">[+]<\/a><\/p>\n","protected":false},"author":589,"featured_media":0,"parent":0,"menu_order":0,"comment_status":"closed","ping_status":"closed","template":"","meta":[],"acf":[],"_links":{"self":[{"href":"https:\/\/isfd106-bue.infd.edu.ar\/sitio\/wp-json\/wp\/v2\/pages\/3970"}],"collection":[{"href":"https:\/\/isfd106-bue.infd.edu.ar\/sitio\/wp-json\/wp\/v2\/pages"}],"about":[{"href":"https:\/\/isfd106-bue.infd.edu.ar\/sitio\/wp-json\/wp\/v2\/types\/page"}],"author":[{"embeddable":true,"href":"https:\/\/isfd106-bue.infd.edu.ar\/sitio\/wp-json\/wp\/v2\/users\/589"}],"replies":[{"embeddable":true,"href":"https:\/\/isfd106-bue.infd.edu.ar\/sitio\/wp-json\/wp\/v2\/comments?post=3970"}],"version-history":[{"count":17,"href":"https:\/\/isfd106-bue.infd.edu.ar\/sitio\/wp-json\/wp\/v2\/pages\/3970\/revisions"}],"predecessor-version":[{"id":4049,"href":"https:\/\/isfd106-bue.infd.edu.ar\/sitio\/wp-json\/wp\/v2\/pages\/3970\/revisions\/4049"}],"wp:attachment":[{"href":"https:\/\/isfd106-bue.infd.edu.ar\/sitio\/wp-json\/wp\/v2\/media?parent=3970"}],"curies":[{"name":"wp","href":"https:\/\/api.w.org\/{rel}","templated":true}]}}