{"id":3606,"date":"2023-10-10T09:46:39","date_gmt":"2023-10-10T12:46:39","guid":{"rendered":"https:\/\/isfd106-bue.infd.edu.ar\/sitio\/?page_id=3606"},"modified":"2023-10-10T09:46:41","modified_gmt":"2023-10-10T12:46:41","slug":"horario-del-equipo-de-conduccion","status":"publish","type":"page","link":"https:\/\/isfd106-bue.infd.edu.ar\/sitio\/horario-del-equipo-de-conduccion\/","title":{"rendered":"Horario del Equipo de Conducci\u00f3n"},"content":{"rendered":"\n<h5 class=\"has-background wp-block-heading\" style=\"background-color:#56df9e\">Directora. Lic. Cintia Perez<\/h5>\n\n\n\n<h5 class=\"has-base-3-background-color has-background wp-block-heading\">Lunes. Mi\u00e9rcoles y Viernes de 17.40 a 22.10 hs, Martes y Jueves de 7.40 a 12.10 hs <\/h5>\n\n\n\n<h5 class=\"has-background wp-block-heading\" style=\"background-color:#56df9e\">Vicedirectora: Lic. Lorena Gil <\/h5>\n\n\n\n<h5 class=\"wp-block-heading\">Lunes de 7.40 a 12.10 hs, Martes, Mi\u00e9rcoles y Viernes de 17. 40 a 22.10 hs, Jueves de 13.00 a 17.30 hs <\/h5>\n\n\n\n<h5 class=\"has-background wp-block-heading\" style=\"background-color:#56df9e\">Regente: Prof. M\u00f3nica Aiassa<\/h5>\n\n\n\n<h5 class=\"wp-block-heading\">Lunes, Martes y Viernes de 17.40 a 22.10 hs, Mi\u00e9rcoesl y Jueves de 7.40 a 12.10 hs <\/h5>\n\n\n\n<h5 class=\"has-background wp-block-heading\" style=\"background-color:#56df9e\">Secretar\u00eda: Prof. Falvia Santill\u00e1n<\/h5>\n\n\n\n<h5 class=\"wp-block-heading\">Lunes y Mi\u00e9rcoles de 7.40 a 12.10 hs, Martes, Jueves y Viernes de 17.40 a 22.10 hs<\/h5>\n\n\n\n<h5 class=\"has-background wp-block-heading\" style=\"background-color:#56df9e\">Pro- Secretario. Prof. Aldo Rossini<\/h5>\n\n\n\n<h5 class=\"wp-block-heading\">Lunes, Martes, Mi\u00e9rcoles y Jueves de 17.40 a 22.10 hs, Viernes de 7.40 a 12.10 hs<\/h5>\n\n\n\n<h5 class=\"has-background wp-block-heading\" style=\"background-color:#56df9e\">Jefe de \u00c1rea de Ciencias Naturales. Prof Ariel Rodriguez<\/h5>\n\n\n\n<h5 class=\"wp-block-heading\">Martes y Jueves de 17.00 a 22.00 hs <\/h5>\n\n\n\n<h5 class=\"has-background wp-block-heading\" style=\"background-color:#56df9e\">Jefe de \u00c1rea de Ed. Primaria: Lic. Mar\u00eda In\u00e9s Jorquera<\/h5>\n\n\n\n<h5 class=\"wp-block-heading\">Lunes y Martes de 8.00 a 11.00 hs, Jueves de 18.00 a 20.00 hs <\/h5>\n","protected":false},"excerpt":{"rendered":"<p>Directora. Lic. Cintia Perez Lunes. Mi\u00e9rcoles y Viernes de 17.40 a 22.10 hs, Martes y Jueves de 7.40 a 12.10 hs Vicedirectora: Lic. Lorena Gil Lunes de 7.40 a 12.10 hs, Martes, Mi\u00e9rcoles y Viernes de 17. 40 a 22.10 hs, Jueves de 13.00 a 17.30 hs Regente: Prof. M\u00f3nica Aiassa Lunes, Martes y Viernes &#8230; <a title=\"Horario del Equipo de Conducci\u00f3n\" class=\"read-more\" href=\"https:\/\/isfd106-bue.infd.edu.ar\/sitio\/horario-del-equipo-de-conduccion\/\" aria-label=\"More on Horario del Equipo de Conducci\u00f3n\">[+]<\/a><\/p>\n","protected":false},"author":588,"featured_media":0,"parent":0,"menu_order":0,"comment_status":"closed","ping_status":"closed","template":"","meta":[],"acf":[],"_links":{"self":[{"href":"https:\/\/isfd106-bue.infd.edu.ar\/sitio\/wp-json\/wp\/v2\/pages\/3606"}],"collection":[{"href":"https:\/\/isfd106-bue.infd.edu.ar\/sitio\/wp-json\/wp\/v2\/pages"}],"about":[{"href":"https:\/\/isfd106-bue.infd.edu.ar\/sitio\/wp-json\/wp\/v2\/types\/page"}],"author":[{"embeddable":true,"href":"https:\/\/isfd106-bue.infd.edu.ar\/sitio\/wp-json\/wp\/v2\/users\/588"}],"replies":[{"embeddable":true,"href":"https:\/\/isfd106-bue.infd.edu.ar\/sitio\/wp-json\/wp\/v2\/comments?post=3606"}],"version-history":[{"count":1,"href":"https:\/\/isfd106-bue.infd.edu.ar\/sitio\/wp-json\/wp\/v2\/pages\/3606\/revisions"}],"predecessor-version":[{"id":3607,"href":"https:\/\/isfd106-bue.infd.edu.ar\/sitio\/wp-json\/wp\/v2\/pages\/3606\/revisions\/3607"}],"wp:attachment":[{"href":"https:\/\/isfd106-bue.infd.edu.ar\/sitio\/wp-json\/wp\/v2\/media?parent=3606"}],"curies":[{"name":"wp","href":"https:\/\/api.w.org\/{rel}","templated":true}]}}

Horario del Equipo de Conducción

<h5 class="has-background wp-block-heading" style="background-color:#56df9e">Directora. Lic. Cintia Perez</h5>



<h5 class="has-base-3-background-color has-background wp-block-heading">Lunes. Miércoles y Viernes de 17.40 a 22.10 hs, Martes y Jueves de 7.40 a 12.10 hs </h5>



<h5 class="has-background wp-block-heading" style="background-color:#56df9e">Vicedirectora: Lic. Lorena Gil </h5>



<h5 class="wp-block-heading">Lunes de 7.40 a 12.10 hs, Martes, Miércoles y Viernes de 17. 40 a 22.10 hs, Jueves de 13.00 a 17.30 hs </h5>



<h5 class="has-background wp-block-heading" style="background-color:#56df9e">Regente: Prof. Mónica Aiassa</h5>



<h5 class="wp-block-heading">Lunes, Martes y Viernes de 17.40 a 22.10 hs, Miércoesl y Jueves de 7.40 a 12.10 hs </h5>



<h5 class="has-background wp-block-heading" style="background-color:#56df9e">Secretaría: Prof. Falvia Santillán</h5>



<h5 class="wp-block-heading">Lunes y Miércoles de 7.40 a 12.10 hs, Martes, Jueves y Viernes de 17.40 a 22.10 hs</h5>



<h5 class="has-background wp-block-heading" style="background-color:#56df9e">Pro- Secretario. Prof. Aldo Rossini</h5>



<h5 class="wp-block-heading">Lunes, Martes, Miércoles y Jueves de 17.40 a 22.10 hs, Viernes de 7.40 a 12.10 hs</h5>



<h5 class="has-background wp-block-heading" style="background-color:#56df9e">Jefe de Área de Ciencias Naturales. Prof Ariel Rodriguez</h5>



<h5 class="wp-block-heading">Martes y Jueves de 17.00 a 22.00 hs </h5>



<h5 class="has-background wp-block-heading" style="background-color:#56df9e">Jefe de Área de Ed. Primaria: Lic. María Inés Jorquera</h5>



<h5 class="wp-block-heading">Lunes y Martes de 8.00 a 11.00 hs, Jueves de 18.00 a 20.00 hs </h5>

<p>Directora. Lic. Cintia Perez Lunes. Miércoles y Viernes de 17.40 a 22.10 hs, Martes y Jueves de 7.40 a 12.10 hs Vicedirectora: Lic. Lorena Gil Lunes de 7.40 a 12.10 hs, Martes, Miércoles y Viernes de 17. 40 a 22.10 hs, Jueves de 13.00 a 17.30 hs Regente: Prof. Mónica Aiassa Lunes, Martes y Viernes &#8230; <a title="Horario del Equipo de Conducción" class="read-more" href="https://isfd106-bue.infd.edu.ar/sitio/horario-del-equipo-de-conduccion/" aria-label="More on Horario del Equipo de Conducción">[+]</a></p>
