{"id":3236,"date":"2022-11-07T17:04:35","date_gmt":"2022-11-07T20:04:35","guid":{"rendered":"https:\/\/isfd106-bue.infd.edu.ar\/sitio\/?page_id=3236"},"modified":"2024-12-30T14:55:38","modified_gmt":"2024-12-30T17:55:38","slug":"inscripcion-a-finales-turno-feb-mar-2025","status":"publish","type":"page","link":"https:\/\/isfd106-bue.infd.edu.ar\/sitio\/inscripcion-a-finales-turno-feb-mar-2025\/","title":{"rendered":"INSCRIPCI\u00d3N A FINALES TURNO FEBRERO- MARZO 2025"},"content":{"rendered":"\n<p class=\"has-text-color has-background\" style=\"color:#f70808;background-color:#f8ed0d\"><strong><em>Atenci\u00f3n NO es pre- inscripci\u00f3n para aspirantes a ingreso 2025 <\/em><\/strong><\/p>\n\n\n\n<h5 class=\"wp-block-heading has-luminous-vivid-amber-background-color has-background\"><strong><strong>ISFD N\u00b0 106 &#8211;&nbsp; &nbsp;TODAS LAS CARRERAS de 1\u00ba a 4\u00ba a\u00f1o MESAS DE FEBRERO- MARZO 2025.<\/strong><\/strong> En esta secci\u00f3n encontrar\u00e1n las fechas y formularios de inscripci\u00f3n a las mesas examinadoras del per\u00edodo FEB-MAR 2025. <\/h5>\n\n\n<div class=\"padlet-embed\" style=\"border: 1px solid rgba(0,0,0,0.1); border-radius: 2px; box-sizing: border-box; overflow: hidden; position: relative; width: 100%; background: #F4F4F4;\">\n<p style=\"padding: 0; margin: 0;\"><iframe style=\"width: 100%; height: 608px; display: block; padding: 0; margin: 0;\" src=\"https:\/\/padlet.com\/embed\/grmme6p667zngja4\" frameborder=\"0\"><\/iframe><\/p>\n<div style=\"display: flex; align-items: center; justify-content: end; margin: 0; height: 28px;\">\n<div style=\"display: flex; align-items: center;\"><img decoding=\"async\" loading=\"lazy\" style=\"padding: 0; margin: 0; background: 0 0; border: none; box-shadow: none;\" src=\"https:\/\/padlet.net\/embeds\/made_with_padlet_2022.png\" alt=\"Hecho con Padlet\" width=\"114\" height=\"28\"><\/div>\n<\/div>\n<\/div>\n\n\n<p class=\"has-text-align-left has-black-color has-vivid-green-cyan-background-color has-text-color has-background\"><img decoding=\"async\" loading=\"lazy\" width=\"403\" height=\"403\" class=\"wp-image-3239\" style=\"width: 130px;\" src=\"https:\/\/isfd106-bue.infd.edu.ar\/sitio\/wp-content\/uploads\/2022\/11\/Haw0.gif\" alt=\"\"> <br><strong>Fechas de inscripci\u00f3n: <\/strong>La inscripci\u00f3n permanecer\u00e1 abierta del <strong><strong>24 AL 29 DE DICIEMBRE<\/strong>.&nbsp;<\/strong> <strong>Modalidad de inscripci\u00f3n:&nbsp; Online<\/strong>. Los formularios estar\u00e1n abiertos las 24 horas de esos d\u00edas. SE CIERRAN A LAS 22.00 HS Lue<strong>go una vez cerrados no se agregar\u00e1n estudiantes a los listados<\/strong> <strong>sin excepci\u00f3n. <\/strong>Este turno de mesas tiene<strong> dos llamados <\/strong>(solo pueden inscribirse a un solo llamado del turno a elecci\u00f3n del estudiante). Recuerden tener las materias correlativas acreditadas para presentarse. Pueden ver el r\u00e9gimen de correlatividades en la secci\u00f3n de cada carrera. (<a href=\"https:\/\/isfd106-bue.infd.edu.ar\/sitio\/profesorado-en-matematica\/\">Matem\u00e1tica,<\/a> <a href=\"https:\/\/isfd106-bue.infd.edu.ar\/sitio\/profesorado-educacion-primaria\/\">Ed. Primaria<\/a>, <a href=\"https:\/\/isfd106-bue.infd.edu.ar\/sitio\/profesorado-en-biologia\/\">Biolog\u00eda<\/a>, <a href=\"https:\/\/isfd106-bue.infd.edu.ar\/sitio\/profesorado-en-quimica\/\">Qu\u00edmica<\/a>, <a href=\"https:\/\/isfd106-bue.infd.edu.ar\/sitio\/profesorado-en-fisica\/\">F\u00edsica)<\/a>. Recuerden que en las <em>materias que se acreditan en el mismo ciclo lectivo <\/em>(Pr\u00e1ctica, Talleres, EDI, TFO, TRAMO) tambi\u00e9n<strong> deber\u00e1n inscribirse al final<\/strong>. <\/p>\n\n\n\n<h3 class=\"wp-block-heading has-text-align-center has-black-color has-pale-pink-background-color has-text-color has-background\">ESTUDIANTES LIBRES<\/h3>\n\n\n\n<p class=\"has-luminous-vivid-amber-background-color has-background\">Los estudiantes que rinden en car\u00e1cter de libre <strong>deber\u00e1n presentarse sin anotarse<\/strong> en el <em>1er llamado al examen escrito<\/em> y si aprueban (con 4 o +) deber\u00e1n presentarse en el <em>2do. llamado al examen oral.<\/em> Este llamado corresponde rendir  en condici\u00f3n de libres en la materia que se inscribieron en marzo de  2024 y\/o en el pase de regular a libre en septiembre de 2024. En caso de no aprobar o no presentarse podr\u00e1n volver a presentarse en el llamado de febrero- marzo 2025<\/p>\n\n\n\n<h2 class=\"wp-block-heading has-text-align-left has-cyan-bluish-gray-background-color has-background\"><strong>Antes de inscribirse lean la siguiente informaci\u00f3n<\/strong><\/h2>\n\n\n\n<figure class=\"wp-block-image size-full\"><img decoding=\"async\" loading=\"lazy\" width=\"355\" height=\"142\" src=\"https:\/\/isfd106-bue.infd.edu.ar\/sitio\/wp-content\/uploads\/2023\/10\/IMPORTANTE-1.gif\" alt=\"\" class=\"wp-image-3634\"\/><\/figure>\n\n\n\n<ul>\n<li>El formulario enviado reviste car\u00e1cter de<strong> Declaraci\u00f3n Jurada.<\/strong><\/li>\n\n\n\n<li>Es necesario que ingrese una <strong>direcci\u00f3n de correo electr\u00f3nico v\u00e1lida<\/strong>. All\u00ed se enviar\u00e1 una copia de su inscripci\u00f3n.<\/li>\n\n\n\n<li><strong>Solo puede enviar&nbsp; una inscripci\u00f3n por estudiante<\/strong> por ello deben re- leer antes de enviar el formulario definitivo. Tendr\u00e1n durante siete d\u00edas las 24 horas para inscribirse. Les&nbsp;&nbsp;sugerimos dedicarle un tiempo&nbsp; para inscribirse correctamente, no es por orden de llegada, ni tampoco hay l\u00edmites de inscriptos.<\/li>\n\n\n\n<li><strong>Controlen<\/strong> antes de enviar el formulario.<\/li>\n\n\n\n<li>Consulten el <strong>plan de materias correlativas.&nbsp;<\/strong><\/li>\n\n\n\n<li>Es fundamental&nbsp;<strong>colocar el n\u00famero de legajo, libro y folio que est\u00e1 en la primera p\u00e1gina de la libreta y el a\u00f1o en que cursaron la asignatura.<\/strong> Este \u00faltimo dato es importante, ya que si falta o es err\u00f3neo no se considerar\u00e1 la solicitud de inscripci\u00f3n por la imposibilidad de buscar datos necesarios de la cursada. <strong>En caso de no saber su n\u00famero de legajo, libro o folio deber\u00e1n consultarlo con sus pre previamente con sus preceptores.&nbsp;<\/strong><\/li>\n\n\n\n<li><strong>No<\/strong> <strong>podr\u00e1n rendir alumnos que<\/strong> <strong>adeuden documentaci\u00f3n para completar el legajo.<\/strong><\/li>\n\n\n\n<li><strong>HORARIO DE LAS MESAS:<\/strong> Todas las mesas ser\u00e1n <strong>presenciales<\/strong>. Inician de lunes a viernes a las 8.00 hs el turno ma\u00f1ana y a las 18.00 hs el turno vespertino.<\/li>\n\n\n\n<li>Se considerar\u00e1 una tolerancia de 10\/15&nbsp; minutos para presentarse a la mesa por causas de fuerza mayor.&nbsp;<\/li>\n\n\n\n<li><strong>Para rendir <\/strong>deben contar con libreta del estudiante y DNI.<\/li>\n\n\n\n<li>Asistir a la instituci\u00f3n <strong>SIN ACOMPA\u00d1ANTES<\/strong>. Los mismos deber\u00e1n permanecer fuera del edificio por protocolo vigente.<\/li>\n<\/ul>\n\n\n\n<div class=\"wp-block-columns is-layout-flex wp-container-2\">\n<div class=\"wp-block-column is-layout-flow\" style=\"flex-basis:100%\">\n<h4 class=\"wp-block-heading has-text-align-center has-luminous-vivid-amber-background-color has-background\">FORMULARIOS disponibles a partir del 24\/12 a las 15.00 hs hasta el 29\/12 a las 22.00 hs <\/h4>\n\n\n\n<p><\/p>\n\n\n\n<p class=\"has-text-align-center has-base-3-color has-luminous-dusk-gradient-background has-text-color has-background has-large-font-size\"><strong><u>TURNO MA\u00d1ANA<\/u><\/strong><\/p>\n\n\n\n<h2 class=\"wp-block-heading has-base-3-color has-midnight-gradient-background has-text-color has-background has-medium-font-size\"><strong>PROFESORADO DE EDUCACI\u00d3N PRIMARIA<\/strong><\/h2>\n\n\n\n<p><strong>1\u00ba 3<\/strong>\u00ba : Profesorado de Educaci\u00f3n Primaria &#8211; INSCRIPCI\u00d3N A FINALES de 1\u00b03\u00b0 FEBRERO\/MARZO 2025 &#8211; Turno MA\u00d1ANA<\/p>\n\n\n\n<p><strong>2\u00b03\u00b0<\/strong>: Profesorado de Educaci\u00f3n Primaria &#8211; INSCRIPCI\u00d3N A FINALES de 2\u00b03\u00b0 FEBRERO\/MARZO 2025 &#8211; Turno MA\u00d1ANA<\/p>\n\n\n\n<p><strong>3\u00b02\u00b0<\/strong>: Profesorado de Educaci\u00f3n Primaria &#8211; INSCRIPCI\u00d3N A FINALES FEBRERO\/MARZO 2025 de 3\u00b02\u00b0 &#8211; Turno MA\u00d1ANA<\/p>\n\n\n\n<p><strong>4\u00b02\u00b0<\/strong>: Profesorado de Educaci\u00f3n Primaria &#8211; INSCRIPCI\u00d3N A FINALES de 4\u00b02\u00b0 FEBRERO\/MARZO 2025 &#8211; Turno MA\u00d1ANA<\/p>\n\n\n\n<p class=\"has-base-3-color has-midnight-gradient-background has-text-color has-background has-medium-font-size\"><strong>PROFESORADO DE EDUCACI\u00d3N SECUNDARIA EN MATEM\u00c1TICA<\/strong><\/p>\n\n\n\n<p><strong>PLAN VIGENTE<\/strong><\/p>\n\n\n\n<p><strong>1er A\u00d1O: <\/strong>1\u00b0a\u00f1o_TM_Insc.Finales<a href=\"https:\/\/docs.google.com\/forms\/d\/1R4mA6IK-YJqSzD1ehNs9TgV_Pt7BmGShIqv-V1CqGzg\/edit\"> <\/a>FEB-MAR.2025_Plan.Nuevo<a href=\"https:\/\/docs.google.com\/forms\/d\/1R4mA6IK-YJqSzD1ehNs9TgV_Pt7BmGShIqv-V1CqGzg\/edit\"> &#8211;<\/a><\/p>\n\n\n\n<p><strong>2do. A\u00d1O<\/strong>: 2\u00b0a\u00f1o_TM_Insc.Finales<a href=\"https:\/\/docs.google.com\/forms\/d\/1ie_nxAv2zHlj_xjZ7YbOLztftcLBz2SEXAuWUFCcemM\/edit\"> <\/a>FEB-MAR.2025_Plan.Nuevo<a href=\"https:\/\/docs.google.com\/forms\/d\/1ie_nxAv2zHlj_xjZ7YbOLztftcLBz2SEXAuWUFCcemM\/edit\"> &#8211; <\/a><\/p>\n\n\n\n<p><strong>3er. A\u00d1O<\/strong>: 3\u00b0a\u00f1o_TM_Insc.Finales FEB-MAR.2025_Plan.Nuevo &#8211;<\/p>\n\n\n\n<p><strong>4to. A\u00d1O<\/strong>: 4\u00b0a\u00f1o_TM_Insc.Finales<a href=\"https:\/\/docs.google.com\/forms\/d\/1GbXoUMCfZOy6txTALoFcJOWs-0KBZSfjHNbL7FfeYtw\/edit\"> <\/a>FEB-MAR.2025_Plan.Nuevo<a href=\"https:\/\/docs.google.com\/forms\/d\/1GbXoUMCfZOy6txTALoFcJOWs-0KBZSfjHNbL7FfeYtw\/edit\"> &#8211; <\/a><\/p>\n\n\n\n<p><strong>PLAN ANTERIOR (D<\/strong>E 1ERO A 4TO A\u00d1O):  1\u00b0a.4\u00b0a\u00f1o_TM_Insc.Finales<a href=\"https:\/\/docs.google.com\/forms\/d\/19S7VtgyE0_yHHGiU7Uncg_zBc6_DYQlutCjntIxy1hU\/edit\"> <\/a>FEB-MAR.2025_Plan.Viejo<a href=\"https:\/\/docs.google.com\/forms\/d\/19S7VtgyE0_yHHGiU7Uncg_zBc6_DYQlutCjntIxy1hU\/edit\"> <\/a><\/p>\n\n\n\n<p class=\"has-text-align-center has-base-3-color has-cool-to-warm-spectrum-gradient-background has-text-color has-background has-large-font-size\"><strong><u>TURNO VESPERTINO<\/u><\/strong><\/p>\n\n\n\n<p class=\"has-base-3-color has-midnight-gradient-background has-text-color has-background has-medium-font-size\"><strong>PROFESORADO DE EDUCACI\u00d3N PRIMARIA <\/strong><\/p>\n\n\n\n<p><strong>1\u00ba1\u00ba y 1\u00ba2\u00ba <\/strong>\u00a0 https:\/\/forms.gle\/1A1hv6t1RQ2sMMQQ8\u00a0<\/p>\n\n\n\n<p><strong>2\u00ba1\u00ba y 2\u00ba2\u00ba<\/strong>\u00a0 https:\/\/forms.gle\/1eFzEWciKdqSn6MbA\u00a0<\/p>\n\n\n\n<p><strong>3\u00ba1\u00ba<\/strong> \u00a0 https:\/\/forms.gle\/g8MsEWJ5CNnKwxEb8\u00a0<\/p>\n\n\n\n<p><strong>4\u00ba1\u00ba <\/strong>https:\/\/forms.gle\/CQChS9ta23atfGHy8\u00a0<\/p>\n\n\n\n<p class=\"has-base-3-color has-midnight-gradient-background has-text-color has-background has-medium-font-size\"><strong>PROFESORADO DE EDUCACI\u00d3N SECUNDARIA EN MATEM\u00c1TICA <\/strong><\/p>\n\n\n\n<p><strong>PLAN VIGENTE<\/strong><\/p>\n\n\n\n<p><strong>1\u00b0 a\u00f1o Matem\u00e1tica TV Plan Vigente <\/strong>&#8211; https:\/\/forms.gle\/75xC3WckHtvf84Rg8\u00a0<\/p>\n\n\n\n<p><strong>2\u00b0 a\u00f1o Matem\u00e1tica TV Plan Vigente <\/strong>&#8211; https:\/\/forms.gle\/XER3qAFxCUJCGCrX8\u00a0<\/p>\n\n\n\n<p><strong>3\u00b0 a\u00f1o Matematica TV Plan Vigente<\/strong> &#8211; https:\/\/forms.gle\/7TcLcWjy3WdbaoYD8\u00a0<\/p>\n\n\n\n<p><strong>4\u00b0 a\u00f1o Matem\u00e1tica TV Plan Vigente<\/strong> &#8211; https:\/\/forms.gle\/HriuXLvmMopXNaf19\u00a0<\/p>\n\n\n\n<p><strong>Plan Anterior TV (Todos los cursos) <\/strong>&#8211; https:\/\/forms.gle\/pGn7YWKWNNFduZVt7\u00a0<\/p>\n\n\n\n<p class=\"has-base-3-color has-midnight-gradient-background has-text-color has-background has-medium-font-size\"><strong>PROFESORADO DE EDUCACI\u00d3N SECUNDARIA EN BIOLOG\u00cdA<\/strong><\/p>\n\n\n\n<p><strong>1\u00b0 y 2\u00b0 a\u00f1o &#8211; PLAN NUEVO <\/strong>\u00a0 https:\/\/forms.gle\/q1F4vGwTSwQEtcEj7<\/p>\n\n\n\n<p><strong>2\u00b0, 3\u00b0 Y 4\u00b0 a\u00f1o &#8211; PLAN VIEJO<\/strong> \u00a0 <strong>https:\/\/forms.gle\/6rMhS8qxUJfrbtbv5<\/strong><\/p>\n\n\n\n<p class=\"has-base-3-color has-midnight-gradient-background has-text-color has-background has-medium-font-size\"><strong>PROFESORADO DE EDUCACI\u00d3N SECUNDARIA EN F\u00cdSICA<\/strong><\/p>\n\n\n\n<p><strong>1 y 2 (PLAN NUEVO) https:\/\/forms.gle\/B39CUqYAiwGsLxeRA<\/strong><\/p>\n\n\n\n<p><strong>2, 3 Y 4 (PLAN VIEJO) https:\/\/forms.gle\/qmp4PVEW5UtC5FBM8\u00a0<\/strong><\/p>\n\n\n\n<p class=\"has-base-3-color has-midnight-gradient-background has-text-color has-background has-medium-font-size\"><strong>PROFESORADO DE EDUCACI\u00d3N SECUNDARIA EN QU\u00cdMICA<\/strong><\/p>\n\n\n\n<p><strong>1\u00b0 Y 2\u00b0 PLAN NUEVO: https:\/\/forms.gle\/VLLCbf3goHFtv8mp7\u00a0<\/strong><\/p>\n\n\n\n<p><strong>2\u00b0-3\u00b0 y 4\u00b0 PLAN VIEJO: https:\/\/forms.gle\/aFGJ818Rpjww67Kb8<\/strong><\/p>\n<\/div>\n<\/div>\n\n\n\n<h5 class=\"wp-block-heading has-background\" style=\"background-color:#f49ee9\"><\/h5>\n","protected":false},"excerpt":{"rendered":"<p>Atenci\u00f3n NO es pre- inscripci\u00f3n para aspirantes a ingreso 2025 ISFD N\u00b0 106 &#8211;&nbsp; &nbsp;TODAS LAS CARRERAS de 1\u00ba a 4\u00ba a\u00f1o MESAS DE FEBRERO- MARZO 2025. En esta secci\u00f3n encontrar\u00e1n las fechas y formularios de inscripci\u00f3n a las mesas examinadoras del per\u00edodo FEB-MAR 2025. Fechas de inscripci\u00f3n: La inscripci\u00f3n permanecer\u00e1 abierta del 24 AL &#8230; <a title=\"INSCRIPCI\u00d3N A FINALES TURNO FEBRERO- MARZO 2025\" class=\"read-more\" href=\"https:\/\/isfd106-bue.infd.edu.ar\/sitio\/inscripcion-a-finales-turno-feb-mar-2025\/\" aria-label=\"More on INSCRIPCI\u00d3N A FINALES TURNO FEBRERO- MARZO 2025\">[+]<\/a><\/p>\n","protected":false},"author":588,"featured_media":0,"parent":0,"menu_order":0,"comment_status":"closed","ping_status":"closed","template":"","meta":[],"acf":[],"_links":{"self":[{"href":"https:\/\/isfd106-bue.infd.edu.ar\/sitio\/wp-json\/wp\/v2\/pages\/3236"}],"collection":[{"href":"https:\/\/isfd106-bue.infd.edu.ar\/sitio\/wp-json\/wp\/v2\/pages"}],"about":[{"href":"https:\/\/isfd106-bue.infd.edu.ar\/sitio\/wp-json\/wp\/v2\/types\/page"}],"author":[{"embeddable":true,"href":"https:\/\/isfd106-bue.infd.edu.ar\/sitio\/wp-json\/wp\/v2\/users\/588"}],"replies":[{"embeddable":true,"href":"https:\/\/isfd106-bue.infd.edu.ar\/sitio\/wp-json\/wp\/v2\/comments?post=3236"}],"version-history":[{"count":38,"href":"https:\/\/isfd106-bue.infd.edu.ar\/sitio\/wp-json\/wp\/v2\/pages\/3236\/revisions"}],"predecessor-version":[{"id":3936,"href":"https:\/\/isfd106-bue.infd.edu.ar\/sitio\/wp-json\/wp\/v2\/pages\/3236\/revisions\/3936"}],"wp:attachment":[{"href":"https:\/\/isfd106-bue.infd.edu.ar\/sitio\/wp-json\/wp\/v2\/media?parent=3236"}],"curies":[{"name":"wp","href":"https:\/\/api.w.org\/{rel}","templated":true}]}}