{"id":3171,"date":"2022-09-19T15:47:08","date_gmt":"2022-09-19T18:47:08","guid":{"rendered":"https:\/\/isfd106-bue.infd.edu.ar\/sitio\/?page_id=3171"},"modified":"2023-06-02T15:41:18","modified_gmt":"2023-06-02T18:41:18","slug":"salidas-educativas","status":"publish","type":"page","link":"https:\/\/isfd106-bue.infd.edu.ar\/sitio\/salidas-educativas\/","title":{"rendered":"Salidas educativas"},"content":{"rendered":"\n<p>A continuaci\u00f3n encontrar\u00e1n los anexos para presentar para salidas educativas<\/p>\n\n\n\n<h6 class=\"wp-block-heading\"><a href=\"https:\/\/drive.google.com\/file\/d\/1OXnmnWAxyHdSwTWRwOFSlQUgbqrJwa67\/view?usp=sharing\">Presentaci\u00f3n<\/a><\/h6>\n\n\n\n<h6 class=\"wp-block-heading\"><a href=\"https:\/\/docs.google.com\/document\/d\/1UneH1_RFxmcWf8p1kFevIYBv5fs1kVab\/edit?usp=sharing&amp;ouid=103250059030289049492&amp;rtpof=true&amp;sd=true\">Comunicaci\u00f3n escrita para Nivel Superior<\/a><\/h6>\n\n\n\n<h6 class=\"wp-block-heading\"><a href=\"https:\/\/drive.google.com\/file\/d\/1R_5QZx8rIQ6gtBbMr9dbXL8Y9XC4RemR\/view?usp=sharing\">Resoluci\u00f3n <\/a><\/h6>\n\n\n\n<h6 class=\"wp-block-heading\"><a href=\"https:\/\/drive.google.com\/file\/d\/1wpTzR0NjVS8PADPZ1SQFGJ88rVkaQXbZ\/view?usp=sharing\">Anexos <\/a><\/h6>\n\n\n\n<p>SALIDAS EDUCATIVAS: <a href=\"https:\/\/drive.google.com\/drive\/u\/3\/folders\/19mx2476Ro5uxZZiyeU7DfF4smrrXi7dU\">ANEXOS EN WORD<\/a><\/p>\n","protected":false},"excerpt":{"rendered":"<p>A continuaci\u00f3n encontrar\u00e1n los anexos para presentar para salidas educativas Presentaci\u00f3n Comunicaci\u00f3n escrita para Nivel Superior Resoluci\u00f3n Anexos SALIDAS EDUCATIVAS: ANEXOS EN WORD<\/p>\n","protected":false},"author":588,"featured_media":0,"parent":0,"menu_order":0,"comment_status":"closed","ping_status":"closed","template":"","meta":[],"acf":[],"_links":{"self":[{"href":"https:\/\/isfd106-bue.infd.edu.ar\/sitio\/wp-json\/wp\/v2\/pages\/3171"}],"collection":[{"href":"https:\/\/isfd106-bue.infd.edu.ar\/sitio\/wp-json\/wp\/v2\/pages"}],"about":[{"href":"https:\/\/isfd106-bue.infd.edu.ar\/sitio\/wp-json\/wp\/v2\/types\/page"}],"author":[{"embeddable":true,"href":"https:\/\/isfd106-bue.infd.edu.ar\/sitio\/wp-json\/wp\/v2\/users\/588"}],"replies":[{"embeddable":true,"href":"https:\/\/isfd106-bue.infd.edu.ar\/sitio\/wp-json\/wp\/v2\/comments?post=3171"}],"version-history":[{"count":3,"href":"https:\/\/isfd106-bue.infd.edu.ar\/sitio\/wp-json\/wp\/v2\/pages\/3171\/revisions"}],"predecessor-version":[{"id":3521,"href":"https:\/\/isfd106-bue.infd.edu.ar\/sitio\/wp-json\/wp\/v2\/pages\/3171\/revisions\/3521"}],"wp:attachment":[{"href":"https:\/\/isfd106-bue.infd.edu.ar\/sitio\/wp-json\/wp\/v2\/media?parent=3171"}],"curies":[{"name":"wp","href":"https:\/\/api.w.org\/{rel}","templated":true}]}}