{"id":2488,"date":"2021-11-23T15:02:45","date_gmt":"2021-11-23T18:02:45","guid":{"rendered":"https:\/\/isfd106-bue.infd.edu.ar\/sitio\/?page_id=2488"},"modified":"2026-03-04T21:40:03","modified_gmt":"2026-03-05T00:40:03","slug":"cambio-de-turno-y-o-de-carrera","status":"publish","type":"page","link":"https:\/\/isfd106-bue.infd.edu.ar\/sitio\/cambio-de-turno-y-o-de-carrera\/","title":{"rendered":"Cambio de turno y\/o de carrera"},"content":{"rendered":"\n<p><strong><mark style=\"background-color:rgba(0, 0, 0, 0)\" class=\"has-inline-color has-vivid-purple-color\">Solicitud de cambio de turno <\/mark><\/strong>(NO VALIDO PARA INGRESANTES): al momento de inscribirse en la CURSADA 2026 lo hara en su comision de origen.<\/p>\n\n\n\n<p> Si desea cursar en otro turno, debe presentar el formulario CAMBIO DE COMISION a su preceptora.  El viernes 6 y lunes 9 de Marzo.<\/p>\n\n\n\n<p> (Solo para Profesorado de Educaci\u00f3n Primaria y Profesorado de Educaci\u00f3n Secundaria en Matem\u00e1tica) <\/p>\n\n\n\n<p><mark style=\"background-color:rgba(0, 0, 0, 0)\" class=\"has-inline-color has-vivid-purple-color\"><strong>Pedido de cambio de carrera<\/strong><\/mark><\/p>\n\n\n\n<p>El tr\u00e1mite es personal y requiere de actualizaci\u00f3n administrativa.<\/p>\n\n\n\n<p>Modelo de Nota ( <a href=\"https:\/\/docs.google.com\/document\/d\/1PrG8q9KA_2bkJNodZ13TYTFtniUDDHWZ\/edit?usp=sharing&amp;ouid=103250059030289049492&amp;rtpof=true&amp;sd=true\"><strong>Bajar aqu\u00ed<\/strong><\/a>) <\/p>\n\n\n\n<p>Entrega de nota de solicitud: <\/p>\n\n\n\n<p>Fechas: <\/p>\n\n\n\n<ol>\n<li><mark style=\"background-color:rgba(0, 0, 0, 0)\" class=\"has-inline-color has-luminous-vivid-orange-color\"><strong>Turno Vespertino: del 18 al 20 de febrero de 2026 de 18.30 a 21.00 hs<\/strong><\/mark> en la Secretar\u00eda del Instituto<\/li>\n\n\n\n<li><mark style=\"background-color:rgba(0, 0, 0, 0)\" class=\"has-inline-color has-luminous-vivid-orange-color\"><strong>Turno Ma\u00f1ana: del 18 al 22 de febrero de 2026  de 9.00 a 11.00 hs<\/strong><\/mark> en la Preceptor\u00eda del Turno Ma\u00f1ana<\/li>\n<\/ol>\n\n\n\n<p>Una vez que se notifique del cambio de carrera, deber\u00e1 traer dos fotos 4\u00d74 y completar planilla de inscripci\u00f3n, m\u00e1s equivalencias que corresponden.<\/p>\n\n\n\n<p><strong><span class=\"has-inline-color has-vivid-red-color\"><kbd>Debe leer las disposiciones emanadas desde el CAI para acceder al cambio de carrera<\/kbd><\/span><\/strong><\/p>\n","protected":false},"excerpt":{"rendered":"<p>Solicitud de cambio de turno (NO VALIDO PARA INGRESANTES): al momento de inscribirse en la CURSADA 2026 lo hara en su comision de origen. Si desea cursar en otro turno, debe presentar el formulario CAMBIO DE COMISION a su preceptora. El viernes 6 y lunes 9 de Marzo. (Solo para Profesorado de Educaci\u00f3n Primaria y &#8230; <a title=\"Cambio de turno y\/o de carrera\" class=\"read-more\" href=\"https:\/\/isfd106-bue.infd.edu.ar\/sitio\/cambio-de-turno-y-o-de-carrera\/\" aria-label=\"More on Cambio de turno y\/o de carrera\">[+]<\/a><\/p>\n","protected":false},"author":589,"featured_media":0,"parent":0,"menu_order":0,"comment_status":"closed","ping_status":"closed","template":"","meta":[],"acf":[],"_links":{"self":[{"href":"https:\/\/isfd106-bue.infd.edu.ar\/sitio\/wp-json\/wp\/v2\/pages\/2488"}],"collection":[{"href":"https:\/\/isfd106-bue.infd.edu.ar\/sitio\/wp-json\/wp\/v2\/pages"}],"about":[{"href":"https:\/\/isfd106-bue.infd.edu.ar\/sitio\/wp-json\/wp\/v2\/types\/page"}],"author":[{"embeddable":true,"href":"https:\/\/isfd106-bue.infd.edu.ar\/sitio\/wp-json\/wp\/v2\/users\/589"}],"replies":[{"embeddable":true,"href":"https:\/\/isfd106-bue.infd.edu.ar\/sitio\/wp-json\/wp\/v2\/comments?post=2488"}],"version-history":[{"count":9,"href":"https:\/\/isfd106-bue.infd.edu.ar\/sitio\/wp-json\/wp\/v2\/pages\/2488\/revisions"}],"predecessor-version":[{"id":4071,"href":"https:\/\/isfd106-bue.infd.edu.ar\/sitio\/wp-json\/wp\/v2\/pages\/2488\/revisions\/4071"}],"wp:attachment":[{"href":"https:\/\/isfd106-bue.infd.edu.ar\/sitio\/wp-json\/wp\/v2\/media?parent=2488"}],"curies":[{"name":"wp","href":"https:\/\/api.w.org\/{rel}","templated":true}]}}

<p><strong><mark style="background-color:rgba(0, 0, 0, 0)" class="has-inline-color has-vivid-purple-color">Solicitud de cambio de turno </mark></strong>(NO VALIDO PARA INGRESANTES): al momento de inscribirse en la CURSADA 2026 lo hara en su comision de origen.</p>



<p> Si desea cursar en otro turno, debe presentar el formulario CAMBIO DE COMISION a su preceptora.  El viernes 6 y lunes 9 de Marzo.</p>



<p> (Solo para Profesorado de Educación Primaria y Profesorado de Educación Secundaria en Matemática) </p>



<p><mark style="background-color:rgba(0, 0, 0, 0)" class="has-inline-color has-vivid-purple-color"><strong>Pedido de cambio de carrera</strong></mark></p>



<p>El trámite es personal y requiere de actualización administrativa.</p>



<p>Modelo de Nota ( <a href="https://docs.google.com/document/d/1PrG8q9KA_2bkJNodZ13TYTFtniUDDHWZ/edit?usp=sharing&amp;ouid=103250059030289049492&amp;rtpof=true&amp;sd=true"><strong>Bajar aquí</strong></a>) </p>



<p>Entrega de nota de solicitud: </p>



<p>Fechas: </p>



<ol>
<li><mark style="background-color:rgba(0, 0, 0, 0)" class="has-inline-color has-luminous-vivid-orange-color"><strong>Turno Vespertino: del 18 al 20 de febrero de 2026 de 18.30 a 21.00 hs</strong></mark> en la Secretaría del Instituto</li>



<li><mark style="background-color:rgba(0, 0, 0, 0)" class="has-inline-color has-luminous-vivid-orange-color"><strong>Turno Mañana: del 18 al 22 de febrero de 2026  de 9.00 a 11.00 hs</strong></mark> en la Preceptoría del Turno Mañana</li>
</ol>



<p>Una vez que se notifique del cambio de carrera, deberá traer dos fotos 4×4 y completar planilla de inscripción, más equivalencias que corresponden.</p>



<p><strong><span class="has-inline-color has-vivid-red-color"><kbd>Debe leer las disposiciones emanadas desde el CAI para acceder al cambio de carrera</kbd></span></strong></p>

<p>Solicitud de cambio de turno (NO VALIDO PARA INGRESANTES): al momento de inscribirse en la CURSADA 2026 lo hara en su comision de origen. Si desea cursar en otro turno, debe presentar el formulario CAMBIO DE COMISION a su preceptora. El viernes 6 y lunes 9 de Marzo. (Solo para Profesorado de Educación Primaria y &#8230; <a title="Cambio de turno y/o de carrera" class="read-more" href="https://isfd106-bue.infd.edu.ar/sitio/cambio-de-turno-y-o-de-carrera/" aria-label="More on Cambio de turno y/o de carrera">[+]</a></p>
