{"id":2265,"date":"2021-07-24T08:57:57","date_gmt":"2021-07-24T11:57:57","guid":{"rendered":"https:\/\/isfd106-bue.infd.edu.ar\/sitio\/?page_id=2265"},"modified":"2022-08-09T10:25:57","modified_gmt":"2022-08-09T13:25:57","slug":"cipe","status":"publish","type":"page","link":"https:\/\/isfd106-bue.infd.edu.ar\/sitio\/cipe\/","title":{"rendered":"CIPEs"},"content":{"rendered":"\n<p>Los Coordinadores Institucionales de Pol\u00edticas Estudiantiles (CIPEs) son parte de una estrategia del Instituto Nacional de Formaci\u00f3n Docente del Ministerio de Educaci\u00f3n y Deportes de la Naci\u00f3n en acuerdo federal con las Jurisdicciones para motorizar y llevar adelante el fortalecimiento de las trayectorias estudiantiles. Los CIPEs cumplen una funci\u00f3n central acompa\u00f1ando la generaci\u00f3n de condiciones institucionales que alienten la participaci\u00f3n de las distintas voces, el di\u00e1logo entre los estudiantes, entre estudiantes y profesores, entre estudiantes y directivos, y tambi\u00e9n en estrechar el v\u00ednculo entre el instituto y el resto de la comunidad. En este sentido, los CIPEs conforman el equipo ampliado de Pol\u00edticas Estudiantiles tanto del INFD como de la Direcci\u00f3n Provincial de Educaci\u00f3n Superior, y su figura adquiere un lugar estrat\u00e9gico para los institutos y el sistema educativo en su conjunto, teniendo en cuenta que un docente formado en una matriz democr\u00e1tica es un agente democratizador en el ejercicio diario de su profesi\u00f3n.<\/p>\n\n\n\n<p>Les presentamos a nuestras Cipes&#8230;.<\/p>\n\n\n\n<figure class=\"wp-block-image size-large is-resized is-style-rounded\"><img decoding=\"async\" loading=\"lazy\" src=\"https:\/\/isfd106-bue.infd.edu.ar\/sitio\/wp-content\/uploads\/2021\/07\/Juana-Gonzalez-1.jpeg\" alt=\"\" class=\"wp-image-2268\" width=\"264\" height=\"198\" srcset=\"https:\/\/isfd106-bue.infd.edu.ar\/sitio\/wp-content\/uploads\/2021\/07\/Juana-Gonzalez-1.jpeg 1600w, https:\/\/isfd106-bue.infd.edu.ar\/sitio\/wp-content\/uploads\/2021\/07\/Juana-Gonzalez-1-1000x750.jpeg 1000w, https:\/\/isfd106-bue.infd.edu.ar\/sitio\/wp-content\/uploads\/2021\/07\/Juana-Gonzalez-1-768x576.jpeg 768w, https:\/\/isfd106-bue.infd.edu.ar\/sitio\/wp-content\/uploads\/2021\/07\/Juana-Gonzalez-1-1536x1152.jpeg 1536w\" sizes=\"(max-width: 264px) 100vw, 264px\" \/><figcaption>Juana Gonz\u00e1lez<\/figcaption><\/figure>\n\n\n\n<figure class=\"wp-block-image size-large is-resized is-style-rounded\"><img decoding=\"async\" loading=\"lazy\" src=\"https:\/\/isfd106-bue.infd.edu.ar\/sitio\/wp-content\/uploads\/2021\/07\/Maria-Tatiana-Benitez-1.jpeg\" alt=\"\" class=\"wp-image-2269\" width=\"266\" height=\"200\" srcset=\"https:\/\/isfd106-bue.infd.edu.ar\/sitio\/wp-content\/uploads\/2021\/07\/Maria-Tatiana-Benitez-1.jpeg 1600w, https:\/\/isfd106-bue.infd.edu.ar\/sitio\/wp-content\/uploads\/2021\/07\/Maria-Tatiana-Benitez-1-1000x750.jpeg 1000w, https:\/\/isfd106-bue.infd.edu.ar\/sitio\/wp-content\/uploads\/2021\/07\/Maria-Tatiana-Benitez-1-768x576.jpeg 768w, https:\/\/isfd106-bue.infd.edu.ar\/sitio\/wp-content\/uploads\/2021\/07\/Maria-Tatiana-Benitez-1-1536x1152.jpeg 1536w\" sizes=\"(max-width: 266px) 100vw, 266px\" \/><figcaption>Mar\u00eda Tatiana Ben\u00edtez<\/figcaption><\/figure>\n\n\n\n<p>Contacto <a href=\"mailto:cipes106@gmail.com\">cipes106@gmail.com<\/a><\/p>\n\n\n\n<p><\/p>\n\n\n\n<p><\/p>\n\n\n\n<h4 class=\"wp-block-heading\"><strong><span style=\"color:#9100a3\" class=\"has-inline-color\">2da Convocatoria Becas Progresar 2021<\/span><\/strong><\/h4>\n\n\n\n<p>Les informamos que se encuentra abierta la segunda convocatoria a becas PROGRESAR, con el fin de generar nuevas oportunidades de inclusi\u00f3n social a personas en situaci\u00f3n de vulnerabilidad que deseen culminar su trayectoria educativa.<\/p>\n\n\n\n<p>Las inscripciones estar\u00e1n abiertas del <strong>1 al 31 de agosto<\/strong>. Encontrar\u00e1n m\u00e1s informaci\u00f3n ingresando a <a href=\"https:\/\/isfd106-bue.infd.edu.ar\/sitio\/2da-convocatoria-becas-progresar-2021\/\">2da Convocatoria Becas Progresar 2021<\/a>.<\/p>\n\n\n\n<p>Una vez que hayan realizado la inscripci\u00f3n, les pedimos que nos env\u00eden un correo a <a href=\"mailto:cipes106@gmail.com\">cipes106@gmail.com<\/a> para dar seguimiento a su inscripci\u00f3n.<\/p>\n","protected":false},"excerpt":{"rendered":"<p>Los Coordinadores Institucionales de Pol\u00edticas Estudiantiles (CIPEs) son parte de una estrategia del Instituto Nacional de Formaci\u00f3n Docente del Ministerio de Educaci\u00f3n y Deportes de la Naci\u00f3n en acuerdo federal con las Jurisdicciones para motorizar y llevar adelante el fortalecimiento de las trayectorias estudiantiles. Los CIPEs cumplen una funci\u00f3n central acompa\u00f1ando la generaci\u00f3n de condiciones &#8230; <a title=\"CIPEs\" class=\"read-more\" href=\"https:\/\/isfd106-bue.infd.edu.ar\/sitio\/cipe\/\" aria-label=\"More on CIPEs\">[+]<\/a><\/p>\n","protected":false},"author":588,"featured_media":0,"parent":0,"menu_order":0,"comment_status":"closed","ping_status":"closed","template":"","meta":[],"acf":[],"_links":{"self":[{"href":"https:\/\/isfd106-bue.infd.edu.ar\/sitio\/wp-json\/wp\/v2\/pages\/2265"}],"collection":[{"href":"https:\/\/isfd106-bue.infd.edu.ar\/sitio\/wp-json\/wp\/v2\/pages"}],"about":[{"href":"https:\/\/isfd106-bue.infd.edu.ar\/sitio\/wp-json\/wp\/v2\/types\/page"}],"author":[{"embeddable":true,"href":"https:\/\/isfd106-bue.infd.edu.ar\/sitio\/wp-json\/wp\/v2\/users\/588"}],"replies":[{"embeddable":true,"href":"https:\/\/isfd106-bue.infd.edu.ar\/sitio\/wp-json\/wp\/v2\/comments?post=2265"}],"version-history":[{"count":5,"href":"https:\/\/isfd106-bue.infd.edu.ar\/sitio\/wp-json\/wp\/v2\/pages\/2265\/revisions"}],"predecessor-version":[{"id":2952,"href":"https:\/\/isfd106-bue.infd.edu.ar\/sitio\/wp-json\/wp\/v2\/pages\/2265\/revisions\/2952"}],"wp:attachment":[{"href":"https:\/\/isfd106-bue.infd.edu.ar\/sitio\/wp-json\/wp\/v2\/media?parent=2265"}],"curies":[{"name":"wp","href":"https:\/\/api.w.org\/{rel}","templated":true}]}}

<p>Los Coordinadores Institucionales de Políticas Estudiantiles (CIPEs) son parte de una estrategia del Instituto Nacional de Formación Docente del Ministerio de Educación y Deportes de la Nación en acuerdo federal con las Jurisdicciones para motorizar y llevar adelante el fortalecimiento de las trayectorias estudiantiles. Los CIPEs cumplen una función central acompañando la generación de condiciones institucionales que alienten la participación de las distintas voces, el diálogo entre los estudiantes, entre estudiantes y profesores, entre estudiantes y directivos, y también en estrechar el vínculo entre el instituto y el resto de la comunidad. En este sentido, los CIPEs conforman el equipo ampliado de Políticas Estudiantiles tanto del INFD como de la Dirección Provincial de Educación Superior, y su figura adquiere un lugar estratégico para los institutos y el sistema educativo en su conjunto, teniendo en cuenta que un docente formado en una matriz democrática es un agente democratizador en el ejercicio diario de su profesión.</p>



<p>Les presentamos a nuestras Cipes&#8230;.</p>



<figure class="wp-block-image size-large is-resized is-style-rounded"><img decoding="async" loading="lazy" src="https://isfd106-bue.infd.edu.ar/sitio/wp-content/uploads/2021/07/Juana-Gonzalez-1.jpeg" alt="" class="wp-image-2268" width="264" height="198" srcset="https://isfd106-bue.infd.edu.ar/sitio/wp-content/uploads/2021/07/Juana-Gonzalez-1.jpeg 1600w, https://isfd106-bue.infd.edu.ar/sitio/wp-content/uploads/2021/07/Juana-Gonzalez-1-1000x750.jpeg 1000w, https://isfd106-bue.infd.edu.ar/sitio/wp-content/uploads/2021/07/Juana-Gonzalez-1-768x576.jpeg 768w, https://isfd106-bue.infd.edu.ar/sitio/wp-content/uploads/2021/07/Juana-Gonzalez-1-1536x1152.jpeg 1536w" sizes="(max-width: 264px) 100vw, 264px" /><figcaption>Juana González</figcaption></figure>



<figure class="wp-block-image size-large is-resized is-style-rounded"><img decoding="async" loading="lazy" src="https://isfd106-bue.infd.edu.ar/sitio/wp-content/uploads/2021/07/Maria-Tatiana-Benitez-1.jpeg" alt="" class="wp-image-2269" width="266" height="200" srcset="https://isfd106-bue.infd.edu.ar/sitio/wp-content/uploads/2021/07/Maria-Tatiana-Benitez-1.jpeg 1600w, https://isfd106-bue.infd.edu.ar/sitio/wp-content/uploads/2021/07/Maria-Tatiana-Benitez-1-1000x750.jpeg 1000w, https://isfd106-bue.infd.edu.ar/sitio/wp-content/uploads/2021/07/Maria-Tatiana-Benitez-1-768x576.jpeg 768w, https://isfd106-bue.infd.edu.ar/sitio/wp-content/uploads/2021/07/Maria-Tatiana-Benitez-1-1536x1152.jpeg 1536w" sizes="(max-width: 266px) 100vw, 266px" /><figcaption>María Tatiana Benítez</figcaption></figure>



<p>Contacto <a href="mailto:cipes106@gmail.com">cipes106@gmail.com</a></p>



<p></p>



<p></p>



<h4 class="wp-block-heading"><strong><span style="color:#9100a3" class="has-inline-color">2da Convocatoria Becas Progresar 2021</span></strong></h4>



<p>Les informamos que se encuentra abierta la segunda convocatoria a becas PROGRESAR, con el fin de generar nuevas oportunidades de inclusión social a personas en situación de vulnerabilidad que deseen culminar su trayectoria educativa.</p>



<p>Las inscripciones estarán abiertas del <strong>1 al 31 de agosto</strong>. Encontrarán más información ingresando a <a href="https://isfd106-bue.infd.edu.ar/sitio/2da-convocatoria-becas-progresar-2021/">2da Convocatoria Becas Progresar 2021</a>.</p>



<p>Una vez que hayan realizado la inscripción, les pedimos que nos envíen un correo a <a href="mailto:cipes106@gmail.com">cipes106@gmail.com</a> para dar seguimiento a su inscripción.</p>

<p>Los Coordinadores Institucionales de Políticas Estudiantiles (CIPEs) son parte de una estrategia del Instituto Nacional de Formación Docente del Ministerio de Educación y Deportes de la Nación en acuerdo federal con las Jurisdicciones para motorizar y llevar adelante el fortalecimiento de las trayectorias estudiantiles. Los CIPEs cumplen una función central acompañando la generación de condiciones &#8230; <a title="CIPEs" class="read-more" href="https://isfd106-bue.infd.edu.ar/sitio/cipe/" aria-label="More on CIPEs">[+]</a></p>
