{"id":1971,"date":"2020-12-22T09:21:49","date_gmt":"2020-12-22T12:21:49","guid":{"rendered":"https:\/\/isfd106-bue.infd.edu.ar\/sitio\/?page_id=1971"},"modified":"2023-11-14T10:13:35","modified_gmt":"2023-11-14T13:13:35","slug":"plan-de-evaluacion-institucional","status":"publish","type":"page","link":"https:\/\/isfd106-bue.infd.edu.ar\/sitio\/plan-de-evaluacion-institucional\/","title":{"rendered":"Plan de Evaluaci\u00f3n Institucional"},"content":{"rendered":"<p>En este enlace podr\u00e1n acceder al <strong>Plan de Evaluaci\u00f3n Institucional<\/strong>:<\/p>\n<p><a href=\"https:\/\/drive.google.com\/file\/d\/1BxJmpVABkc2hDRL5dMZDPpdaqUEibsFR\/view?usp=sharing\">\u00a0Ingrese aqu\u00ed\u00a0<\/a><\/p>\n","protected":false},"excerpt":{"rendered":"<p>En este enlace podr\u00e1n acceder al Plan de Evaluaci\u00f3n Institucional: \u00a0Ingrese aqu\u00ed\u00a0<\/p>\n","protected":false},"author":588,"featured_media":0,"parent":0,"menu_order":0,"comment_status":"closed","ping_status":"closed","template":"","meta":[],"acf":[],"_links":{"self":[{"href":"https:\/\/isfd106-bue.infd.edu.ar\/sitio\/wp-json\/wp\/v2\/pages\/1971"}],"collection":[{"href":"https:\/\/isfd106-bue.infd.edu.ar\/sitio\/wp-json\/wp\/v2\/pages"}],"about":[{"href":"https:\/\/isfd106-bue.infd.edu.ar\/sitio\/wp-json\/wp\/v2\/types\/page"}],"author":[{"embeddable":true,"href":"https:\/\/isfd106-bue.infd.edu.ar\/sitio\/wp-json\/wp\/v2\/users\/588"}],"replies":[{"embeddable":true,"href":"https:\/\/isfd106-bue.infd.edu.ar\/sitio\/wp-json\/wp\/v2\/comments?post=1971"}],"version-history":[{"count":9,"href":"https:\/\/isfd106-bue.infd.edu.ar\/sitio\/wp-json\/wp\/v2\/pages\/1971\/revisions"}],"predecessor-version":[{"id":3672,"href":"https:\/\/isfd106-bue.infd.edu.ar\/sitio\/wp-json\/wp\/v2\/pages\/1971\/revisions\/3672"}],"wp:attachment":[{"href":"https:\/\/isfd106-bue.infd.edu.ar\/sitio\/wp-json\/wp\/v2\/media?parent=1971"}],"curies":[{"name":"wp","href":"https:\/\/api.w.org\/{rel}","templated":true}]}}