{"id":1669,"date":"2020-08-28T15:15:59","date_gmt":"2020-08-28T18:15:59","guid":{"rendered":"https:\/\/isfd106-bue.infd.edu.ar\/sitio\/?page_id=1669"},"modified":"2020-08-28T15:15:59","modified_gmt":"2020-08-28T18:15:59","slug":"proyectos-de-la-direccion-de-educacion-superior","status":"publish","type":"page","link":"https:\/\/isfd106-bue.infd.edu.ar\/sitio\/proyectos-de-la-direccion-de-educacion-superior\/","title":{"rendered":"Proyectos de la Direcci\u00f3n de Educaci\u00f3n Superior"},"content":{"rendered":"<p>La Direcci\u00f3n Provincial de Educaci\u00f3n Superior (DPES) tiene como prop\u00f3sito la formaci\u00f3n inicial y permanente del conjunto de docentes de los niveles y modalidades del sistema. De este modo, busca contribuir a conformar un espacio integrado por las diferentes instituciones del nivel. Se compone de la Direcci\u00f3n de Formaci\u00f3n Docente Inicial (DFDI) y de la Direcci\u00f3n de Formaci\u00f3n Docente Permanente (DFDP), dedicadas a formar docentes para una escuela m\u00e1s justa. La DFDI se propone fortalecer las instituciones educativas, renovar los Dise\u00f1os Curriculares, ofrecer instancias universitarias de formaci\u00f3n de formadores y acompa\u00f1ar las trayectorias estudiantiles. (<em>DPES:\u00a0\u00a0http:\/\/abc.gob.ar\/secretarias\/niveles\/educacion_superior<\/em>)<\/p>\n<p>Desde este marco el Instituto de Formaci\u00f3n Docente N\u00ba 106 est\u00e1 participando de distintas propuestas de la direcci\u00f3n a trav\u00e9s de proyectos y mesas de trabajo con equipo directivo, docentes y estudiantes.\u00a0 Estas propuestas se enmarcan en la dimensi\u00f3n pedag\u00f3gica para la formaci\u00f3n de maestras\/os, profesoras\/es en\u00a0el oficio de ense\u00f1ar.\u00a0 Se pretende as\u00ed colaborar en\u00a0la construcci\u00f3n de pr\u00e1cticas democr\u00e1ticas que encuadren el ejercicio de la docencia.<\/p>\n<p><span style=\"color: #0000ff;\"><strong>Bolet\u00edn: Apuntes pedag\u00f3gicos:<\/strong><\/span>\u00a0\u00a0es un bolet\u00edn mensual de la Direcci\u00f3n Provincial de Educaci\u00f3n Superior. Para acceder al mismo:\u00a0\u00a0\u00a0<a href=\"http:\/\/abc.gob.ar\/secretarias\/niveles\/educacion_superior\/boletin\">http:\/\/abc.gob.ar\/secretarias\/niveles\/educacion_superior\/boletin<\/a><\/p>\n<p><strong><span style=\"color: #0000ff;\">Proyecto:\u00a0\u201cDe autoras y autores\u201d<\/span><\/strong>\u00a0est\u00e1 pensado para fortalecer los procesos de formaci\u00f3n de nuestras y nuestros estudiantes de primer a\u00f1o.\u00a0 Para acceder al mismo:\u00a0 \u00a0<a href=\"https:\/\/continuemosestudiando.abc.gob.ar\/recursos\/superior\/de-autoras-y-autores?u=5f0c66c88aed4854ca584bdf\">https:\/\/continuemosestudiando.abc.gob.ar\/recursos\/superior\/de-autoras-y-autores?u=5f0c66c88aed4854ca584bdf<\/a><\/p>\n<p><strong><span style=\"color: #0000ff;\">Fotos Viajeras:\u00a0<\/span><\/strong>\u00a0nuestro instituto particip\u00f3 del Programa Provincial de Fotos Viajeras. Un programa que surgi\u00f3 con la idea de:\u00a0 \u00bb <em>dar cuenta de algunas acciones institucionales dirigidas a las y los estudiantes, como destinatarios directos de nuestro quehacer pedag\u00f3gico, transmitiendo las l\u00edneas de trabajo en torno a las Pol\u00edticas Estudiantiles que se conciben\u00bb<\/em> (DPES, 2020). El trabajo que fue coordinado por las Profesoras Natalia Cruz y Daniela Paiva.\u00a0 Enlace para ver el trabajo:<a href=\"https:\/\/view.genial.ly\/5f26949edfd2410db873e96d\/video-presentation-fotos-viajeras-106\">\u00a0https:\/\/view.genial.ly\/5f26949edfd2410db873e96d\/video-presentation-fotos-viajeras-106<\/a><\/p>\n<p>&nbsp;<\/p>\n","protected":false},"excerpt":{"rendered":"<p>La Direcci\u00f3n Provincial de Educaci\u00f3n Superior (DPES) tiene como prop\u00f3sito la formaci\u00f3n inicial y permanente del conjunto de docentes de los niveles y modalidades del sistema. De este modo, busca contribuir a conformar un espacio integrado por las diferentes instituciones del nivel. Se compone de la Direcci\u00f3n de Formaci\u00f3n Docente Inicial (DFDI) y de la &#8230; <a title=\"Proyectos de la Direcci\u00f3n de Educaci\u00f3n Superior\" class=\"read-more\" href=\"https:\/\/isfd106-bue.infd.edu.ar\/sitio\/proyectos-de-la-direccion-de-educacion-superior\/\" aria-label=\"More on Proyectos de la Direcci\u00f3n de Educaci\u00f3n Superior\">[+]<\/a><\/p>\n","protected":false},"author":386,"featured_media":0,"parent":0,"menu_order":0,"comment_status":"closed","ping_status":"closed","template":"","meta":[],"acf":[],"_links":{"self":[{"href":"https:\/\/isfd106-bue.infd.edu.ar\/sitio\/wp-json\/wp\/v2\/pages\/1669"}],"collection":[{"href":"https:\/\/isfd106-bue.infd.edu.ar\/sitio\/wp-json\/wp\/v2\/pages"}],"about":[{"href":"https:\/\/isfd106-bue.infd.edu.ar\/sitio\/wp-json\/wp\/v2\/types\/page"}],"author":[{"embeddable":true,"href":"https:\/\/isfd106-bue.infd.edu.ar\/sitio\/wp-json\/wp\/v2\/users\/386"}],"replies":[{"embeddable":true,"href":"https:\/\/isfd106-bue.infd.edu.ar\/sitio\/wp-json\/wp\/v2\/comments?post=1669"}],"version-history":[{"count":1,"href":"https:\/\/isfd106-bue.infd.edu.ar\/sitio\/wp-json\/wp\/v2\/pages\/1669\/revisions"}],"predecessor-version":[{"id":1670,"href":"https:\/\/isfd106-bue.infd.edu.ar\/sitio\/wp-json\/wp\/v2\/pages\/1669\/revisions\/1670"}],"wp:attachment":[{"href":"https:\/\/isfd106-bue.infd.edu.ar\/sitio\/wp-json\/wp\/v2\/media?parent=1669"}],"curies":[{"name":"wp","href":"https:\/\/api.w.org\/{rel}","templated":true}]}}

Proyectos de la Dirección de Educación Superior

<p>La Dirección Provincial de Educación Superior (DPES) tiene como propósito la formación inicial y permanente del conjunto de docentes de los niveles y modalidades del sistema. De este modo, busca contribuir a conformar un espacio integrado por las diferentes instituciones del nivel. Se compone de la Dirección de Formación Docente Inicial (DFDI) y de la Dirección de Formación Docente Permanente (DFDP), dedicadas a formar docentes para una escuela más justa. La DFDI se propone fortalecer las instituciones educativas, renovar los Diseños Curriculares, ofrecer instancias universitarias de formación de formadores y acompañar las trayectorias estudiantiles. (<em>DPES:  http://abc.gob.ar/secretarias/niveles/educacion_superior</em>)</p>
<p>Desde este marco el Instituto de Formación Docente Nº 106 está participando de distintas propuestas de la dirección a través de proyectos y mesas de trabajo con equipo directivo, docentes y estudiantes.  Estas propuestas se enmarcan en la dimensión pedagógica para la formación de maestras/os, profesoras/es en el oficio de enseñar.  Se pretende así colaborar en la construcción de prácticas democráticas que encuadren el ejercicio de la docencia.</p>
<p><span style="color: #0000ff;"><strong>Boletín: Apuntes pedagógicos:</strong></span>  es un boletín mensual de la Dirección Provincial de Educación Superior. Para acceder al mismo:   <a href="http://abc.gob.ar/secretarias/niveles/educacion_superior/boletin">http://abc.gob.ar/secretarias/niveles/educacion_superior/boletin</a></p>
<p><strong><span style="color: #0000ff;">Proyecto: “De autoras y autores”</span></strong> está pensado para fortalecer los procesos de formación de nuestras y nuestros estudiantes de primer año.  Para acceder al mismo:   <a href="https://continuemosestudiando.abc.gob.ar/recursos/superior/de-autoras-y-autores?u=5f0c66c88aed4854ca584bdf">https://continuemosestudiando.abc.gob.ar/recursos/superior/de-autoras-y-autores?u=5f0c66c88aed4854ca584bdf</a></p>
<p><strong><span style="color: #0000ff;">Fotos Viajeras: </span></strong> nuestro instituto participó del Programa Provincial de Fotos Viajeras. Un programa que surgió con la idea de:  » <em>dar cuenta de algunas acciones institucionales dirigidas a las y los estudiantes, como destinatarios directos de nuestro quehacer pedagógico, transmitiendo las líneas de trabajo en torno a las Políticas Estudiantiles que se conciben»</em> (DPES, 2020). El trabajo que fue coordinado por las Profesoras Natalia Cruz y Daniela Paiva.  Enlace para ver el trabajo:<a href="https://view.genial.ly/5f26949edfd2410db873e96d/video-presentation-fotos-viajeras-106"> https://view.genial.ly/5f26949edfd2410db873e96d/video-presentation-fotos-viajeras-106</a></p>
<p>&nbsp;</p>

<p>La Dirección Provincial de Educación Superior (DPES) tiene como propósito la formación inicial y permanente del conjunto de docentes de los niveles y modalidades del sistema. De este modo, busca contribuir a conformar un espacio integrado por las diferentes instituciones del nivel. Se compone de la Dirección de Formación Docente Inicial (DFDI) y de la &#8230; <a title="Proyectos de la Dirección de Educación Superior" class="read-more" href="https://isfd106-bue.infd.edu.ar/sitio/proyectos-de-la-direccion-de-educacion-superior/" aria-label="More on Proyectos de la Dirección de Educación Superior">[+]</a></p>
