{"id":1432,"date":"2020-07-13T12:15:01","date_gmt":"2020-07-13T15:15:01","guid":{"rendered":"https:\/\/isfd106-bue.infd.edu.ar\/sitio\/?page_id=1432"},"modified":"2022-08-22T11:30:46","modified_gmt":"2022-08-22T14:30:46","slug":"programas-de-fisica","status":"publish","type":"page","link":"https:\/\/isfd106-bue.infd.edu.ar\/sitio\/programas-de-fisica\/","title":{"rendered":"Programas de F\u00edsica"},"content":{"rendered":"<p style=\"text-align: center;\"><span style=\"color: #ff0000;\"><em><strong>PLAN DE ESTUDIOS DEL<\/strong><\/em><\/span><\/p>\n<p style=\"text-align: center;\"><span style=\"color: #ff0000;\"><em><strong>PROFESORADO DE EDUCACI\u00d3N SECUNDARIA EN F\u00cdSICA CON PROGRAMAS 2021<\/strong><\/em><\/span><\/p>\n<p style=\"text-align: center;\"><em><span style=\"color: #ff0000;\"><strong><span style=\"color: #339966;\">1er y 2do a\u00f1o tronco com\u00fan (<a href=\"https:\/\/isfd106-bue.infd.edu.ar\/sitio\/programa-ciencias-naturales\/\">ver programas aqu\u00ed<\/a>)<\/span>\u00a0<\/strong><\/span><\/em><\/p>\n<table width=\"790\">\n<tbody>\n<tr>\n<td rowspan=\"2\" width=\"246\"><strong>\u00a0<\/strong><\/td>\n<td rowspan=\"2\" width=\"315\">\n<p style=\"text-align: center;\"><strong>Materia<\/strong><\/p>\n<\/td>\n<td style=\"text-align: center;\" width=\"229\"><strong>Curso y Divisi\u00f3n <\/strong><\/td>\n<\/tr>\n<tr>\n<td width=\"229\">\n<p style=\"text-align: center;\"><strong>3ro 3ra <\/strong><\/p>\n<\/td>\n<\/tr>\n<tr>\n<td rowspan=\"2\" width=\"246\">\n<p style=\"text-align: center;\"><strong>Espacio de la Fundamentaci\u00f3n Pedag\u00f3gica<\/strong><\/p>\n<\/td>\n<td style=\"text-align: center;\" width=\"315\">Perspectiva Filos\u00f3fico Pedag\u00f3gico Did\u00e1ctica (64)<\/td>\n<td style=\"text-align: center;\" width=\"229\"><a href=\"https:\/\/drive.google.com\/file\/d\/1aVOmz6byck29dfIrOTYLy3YWAtN2S67T\/view?usp=sharing\"><strong>Sandra De Faveri\u00a0<\/strong><\/a><\/td>\n<\/tr>\n<tr>\n<td width=\"315\">\n<p style=\"text-align: center;\">Perspectiva Pol\u00edtico Institucional (64)<\/p>\n<\/td>\n<td style=\"text-align: center;\" width=\"229\"><a href=\"https:\/\/drive.google.com\/file\/d\/1GIkE4yyk58hcwJ1rdSDkHvYl_zxjBcra\/view?usp=sharing\"><strong>\u00a0Carlos Biscak<\/strong><\/a><\/td>\n<\/tr>\n<tr>\n<td rowspan=\"8\" width=\"246\">\n<p style=\"text-align: center;\"><strong>Espacio de la Orientaci\u00f3n <\/strong><\/p>\n<\/td>\n<td style=\"text-align: center;\" width=\"315\">Fuerzas, movimiento y energ\u00eda mec\u00e1nica, y laboratorio (64)<\/td>\n<td style=\"text-align: center;\" width=\"229\"><strong>Bravo Diana\u00a0<\/strong><\/td>\n<\/tr>\n<tr>\n<td width=\"315\">\n<p style=\"text-align: center;\">Ondas y \u00f3ptica f\u00edsica, y laboratorio (96)<\/p>\n<\/td>\n<td style=\"text-align: center;\" width=\"229\"><a href=\"https:\/\/drive.google.com\/file\/d\/1z-Jz_nVm-9aDj4uF4DPd3t2Y1hIpPRpB\/view?usp=sharing\"><strong>\u00a0S\u00e1nchez H\u00e9ctor<\/strong><\/a><\/td>\n<\/tr>\n<tr>\n<td width=\"315\">\n<p style=\"text-align: center;\">Electromagnetismo y termodin\u00e1mica y laboratorio (96)<\/p>\n<\/td>\n<td style=\"text-align: center;\" width=\"229\"><strong>\u00a0<a href=\"https:\/\/drive.google.com\/file\/d\/1t6tzDOWM_xSYN4HcOAlE2A-Vm5IQXPEJ\/view?usp=sharing\">S\u00e1nchez H\u00e9ctor<\/a><\/strong><\/td>\n<\/tr>\n<tr>\n<td width=\"315\">\n<p style=\"text-align: center;\">Astronom\u00eda I (64)<\/p>\n<\/td>\n<td style=\"text-align: center;\" width=\"229\"><a href=\"https:\/\/drive.google.com\/file\/d\/1fVG61KgSVapLpohgQqqgke-aPVLXcJA7\/view?usp=sharing\"><strong>\u00a0Pippus Juan<\/strong><\/a><\/td>\n<\/tr>\n<tr>\n<td width=\"315\">\n<p style=\"text-align: center;\">Ciencias Naturales y su ense\u00f1anza (32)<\/p>\n<\/td>\n<td style=\"text-align: center;\" width=\"229\"><a href=\"https:\/\/drive.google.com\/file\/d\/1evWdj0KzpQag-ywoj5Nui21gQ55uQVJ3\/view?usp=sharing\"><strong>Susana Langone\u00a0<\/strong><\/a><\/td>\n<\/tr>\n<tr>\n<td width=\"315\">\n<p style=\"text-align: center;\">Matem\u00e1tica aplicada (64)<\/p>\n<\/td>\n<td style=\"text-align: center;\" width=\"229\"><strong>Gustavo Dinard\u00a0<\/strong><\/td>\n<\/tr>\n<tr>\n<td width=\"315\">\n<p style=\"text-align: center;\">Qu\u00edmica y laboratorio III (64)<\/p>\n<\/td>\n<td style=\"text-align: center;\" width=\"229\"><strong>\u00a0<a href=\"https:\/\/drive.google.com\/file\/d\/1SUgojCP7Ci_xvy_JuNMSjL1Li2tMyoQU\/view?usp=sharing\">Etchecopar Gustavo<\/a><\/strong><\/td>\n<\/tr>\n<tr>\n<td width=\"315\">\n<p style=\"text-align: center;\">Espacio de Definici\u00f3n Institucional (64)<\/p>\n<\/td>\n<td style=\"text-align: center;\" width=\"229\"><strong>\u00a0S\u00e1nchez H\u00e9ctor<\/strong><\/td>\n<\/tr>\n<tr>\n<td width=\"246\">\n<p style=\"text-align: center;\"><strong>Espacio de la Pr\u00e1ctica Docente<\/strong><\/p>\n<\/td>\n<td width=\"315\">\n<p style=\"text-align: center;\">Espacio de la Pr\u00e1ctica Docente III (128)<\/p>\n<\/td>\n<td style=\"text-align: center;\" width=\"229\"><a href=\"https:\/\/drive.google.com\/file\/d\/1bjBOjN9Q9HSsQNw50kxHwTbAI2FVR3E4\/view?usp=sharing\"><strong>\u00a0Dario Chazarreta<\/strong><\/a><\/td>\n<\/tr>\n<\/tbody>\n<\/table>\n<table width=\"790\">\n<tbody>\n<tr>\n<td rowspan=\"2\" width=\"246\"><strong>\u00a0<\/strong><\/td>\n<td rowspan=\"2\" width=\"315\">\n<p style=\"text-align: center;\"><strong>Materia<\/strong><\/p>\n<\/td>\n<td style=\"text-align: center;\" width=\"229\"><strong>Curso y Divisi\u00f3n <\/strong><\/td>\n<\/tr>\n<tr>\n<td width=\"229\">\n<p style=\"text-align: center;\"><strong>4to 3ra <\/strong><\/p>\n<\/td>\n<\/tr>\n<tr>\n<td rowspan=\"8\" width=\"246\">\n<p style=\"text-align: center;\"><strong>Espacio de la Orientaci\u00f3n <\/strong><\/p>\n<\/td>\n<td width=\"315\">\n<p style=\"text-align: center;\">F\u00edsica moderna y laboratorio (128)<\/p>\n<\/td>\n<td style=\"text-align: center;\" width=\"229\"><a href=\"https:\/\/drive.google.com\/file\/d\/1To3OvK4LTwHXt1fFPOx1fgcnTdeMm_eI\/view?usp=sharing\"><strong>Mar\u00eda Eugenia Pereyra\u00a0\u00a0<\/strong><\/a><\/td>\n<\/tr>\n<tr>\n<td width=\"315\">\n<p style=\"text-align: center;\">F\u00edsica te\u00f3rica (96)<\/p>\n<\/td>\n<td style=\"text-align: center;\" width=\"229\"><strong>\u00a0<a href=\"https:\/\/drive.google.com\/file\/d\/1y6ktKKtUcd6ncd7F6vY7qXXbvC1Dr10m\/view?usp=sharing\">Mar\u00eda Eugenia Pereyra<\/a><\/strong><\/td>\n<\/tr>\n<tr>\n<td width=\"315\">\n<p style=\"text-align: center;\">Epistemolog\u00eda e Historia de la F\u00edsica (96)<\/p>\n<\/td>\n<td style=\"text-align: center;\" width=\"229\"><strong>\u00a0<a href=\"https:\/\/drive.google.com\/file\/d\/1ZHS1Mj8soVQ85KDowUw7VHA7VwEVWl0d\/view?usp=sharing\">Pippus Juan<\/a><\/strong><\/td>\n<\/tr>\n<tr>\n<td width=\"315\">\n<p style=\"text-align: center;\">Astronom\u00eda II (64)<\/p>\n<\/td>\n<td style=\"text-align: center;\" width=\"229\"><strong>\u00a0Fern\u00e1ndez Luis<\/strong><\/td>\n<\/tr>\n<tr>\n<td width=\"315\">\n<p style=\"text-align: center;\">Taller de f\u00edsica (64)<\/p>\n<\/td>\n<td style=\"text-align: center;\" width=\"229\"><a href=\"https:\/\/drive.google.com\/file\/d\/1ueiu8L7HLsCG3M-wsDMwmePtWuJ8M7_W\/view?usp=sharing\"><strong>\u00a0Pippus Ju<\/strong><strong>a<\/strong><strong>n<\/strong><\/a><\/td>\n<\/tr>\n<tr>\n<td width=\"315\">\n<p style=\"text-align: center;\">F\u00edsica y su ense\u00f1anza (64)<\/p>\n<\/td>\n<td style=\"text-align: center;\" width=\"229\"><a href=\"https:\/\/drive.google.com\/file\/d\/1kFIp78KucdzuAuiYY-Jrg-7ZP_oTWXFG\/view?usp=sharing\"><strong>\u00a0Marcelo Bentivenga<\/strong><\/a><\/td>\n<\/tr>\n<tr>\n<td width=\"315\">\n<p style=\"text-align: center;\">Matem\u00e1tica para f\u00edsicos y sus aplicaciones (64)<\/p>\n<\/td>\n<td style=\"text-align: center;\" width=\"229\"><strong>Romina Salerno\u00a0<\/strong><\/td>\n<\/tr>\n<tr>\n<td width=\"315\">\n<p style=\"text-align: center;\">Espacio de Definici\u00f3n Institucional (96)<\/p>\n<\/td>\n<td style=\"text-align: center;\" width=\"229\"><strong>\u00a0<\/strong><strong>Dario Chazarre<\/strong><strong style=\"font-family: inherit; font-size: inherit;\">ta<\/strong><strong><br \/><\/strong><\/td>\n<\/tr>\n<tr>\n<td width=\"246\">\n<p style=\"text-align: center;\"><strong>Espacio de la Pr\u00e1ctica Docente<\/strong><\/p>\n<\/td>\n<td width=\"315\">\n<p style=\"text-align: center;\">Espacio de la Pr\u00e1ctica Docente IV (128)<\/p>\n<\/td>\n<td style=\"text-align: center;\" width=\"229\"><a href=\"https:\/\/drive.google.com\/file\/d\/1KpsT26EtPk53htWfED51dEhhJtKqrPSD\/view?usp=sharing\"><strong>\u00a0Cristina Landi<\/strong><\/a><\/td>\n<\/tr>\n<\/tbody>\n<\/table>\n<p>&#8212;&#8212;&#8212;&#8212;&#8212;&#8212;&#8212;&#8212;&#8212;&#8212;&#8212;&#8212;&#8212;&#8212;&#8212;&#8212;&#8212;&#8212;&#8212;&#8212;&#8212;&#8212;&#8212;&#8212;&#8212;&#8212;&#8212;&#8212;&#8212;&#8212;&#8212;&#8212;&#8212;&#8212;&#8212;&#8212;&#8212;&#8212;&#8212;&#8212;&#8212;&#8212;&#8212;&#8212;&#8212;&#8212;&#8212;&#8212;&#8212;&#8212;&#8212;&#8212;&#8212;&#8212;&#8212;&#8212;&#8212;&#8212;&#8212;&#8212;&#8212;&#8212;&#8212;&#8212;&#8212;&#8212;&#8212;&#8212;&#8212;&#8212;&#8212;&#8212;-<\/p>\n<p style=\"text-align: center;\"><span style=\"color: #ff0000;\"><em><strong>PLAN DE ESTUDIOS DEL<\/strong><\/em><\/span><\/p>\n<p style=\"text-align: center;\"><span style=\"color: #ff0000;\"><em><strong>PROFESORADO DE EDUCACI\u00d3N SECUNDARIA EN F\u00cdSICA CON PROGRAMAS 2020<\/strong><\/em><\/span><\/p>\n<p style=\"text-align: center;\"><em><span style=\"color: #ff0000;\"><strong><span style=\"color: #339966;\">1er y 2do a\u00f1o tronco com\u00fan (<a href=\"https:\/\/isfd106-bue.infd.edu.ar\/sitio\/programa-ciencias-naturales\/\">ver programas aqu\u00ed<\/a>)<\/span>\u00a0<\/strong><\/span><\/em><\/p>\n<table width=\"790\">\n<tbody>\n<tr>\n<td rowspan=\"2\" width=\"246\"><strong>\u00a0<\/strong><\/td>\n<td rowspan=\"2\" width=\"315\">\n<p style=\"text-align: center;\"><strong>Materia<\/strong><\/p>\n<\/td>\n<td style=\"text-align: center;\" width=\"229\"><strong>Curso y Divisi\u00f3n <\/strong><\/td>\n<\/tr>\n<tr>\n<td width=\"229\">\n<p style=\"text-align: center;\"><strong>3ro 3ra <\/strong><\/p>\n<\/td>\n<\/tr>\n<tr>\n<td rowspan=\"2\" width=\"246\">\n<p style=\"text-align: center;\"><strong>Espacio de la Fundamentaci\u00f3n Pedag\u00f3gica<\/strong><\/p>\n<\/td>\n<td style=\"text-align: center;\" width=\"315\">Perspectiva Filos\u00f3fico Pedag\u00f3gico Did\u00e1ctica (64)<\/td>\n<td style=\"text-align: center;\" width=\"229\"><a href=\"https:\/\/drive.google.com\/file\/d\/1zATclFeG2_7dV-Ju5o_8rBVgMBaIYRuM\/view?usp=sharing\"><strong>Sandra De Faveri\u00a0<\/strong><\/a><\/td>\n<\/tr>\n<tr>\n<td width=\"315\">\n<p style=\"text-align: center;\">Perspectiva Pol\u00edtico Institucional (64)<\/p>\n<\/td>\n<td style=\"text-align: center;\" width=\"229\"><strong>\u00a0<a href=\"https:\/\/drive.google.com\/file\/d\/1SzlFP5wuSeTG32DLxB4DT1cJDv7rQOC2\/view?usp=sharing\">Carlos Biscak<\/a><\/strong><\/td>\n<\/tr>\n<tr>\n<td rowspan=\"8\" width=\"246\">\n<p style=\"text-align: center;\"><strong>Espacio de la Orientaci\u00f3n <\/strong><\/p>\n<\/td>\n<td style=\"text-align: center;\" width=\"315\">Fuerzas, movimiento y energ\u00eda mec\u00e1nica, y laboratorio (64)<\/td>\n<td style=\"text-align: center;\" width=\"229\"><strong>Bravo Diana\u00a0<\/strong><\/td>\n<\/tr>\n<tr>\n<td width=\"315\">\n<p style=\"text-align: center;\">Ondas y \u00f3ptica f\u00edsica, y laboratorio (96)<\/p>\n<\/td>\n<td style=\"text-align: center;\" width=\"229\"><strong>\u00a0S\u00e1nchez H\u00e9ctor<\/strong><\/td>\n<\/tr>\n<tr>\n<td width=\"315\">\n<p style=\"text-align: center;\">Electromagnetismo y termodin\u00e1mica y laboratorio (96)<\/p>\n<\/td>\n<td style=\"text-align: center;\" width=\"229\"><strong>\u00a0S\u00e1nchez H\u00e9ctor<\/strong><\/td>\n<\/tr>\n<tr>\n<td width=\"315\">\n<p style=\"text-align: center;\">Astronom\u00eda I (64)<\/p>\n<\/td>\n<td style=\"text-align: center;\" width=\"229\"><a href=\"https:\/\/drive.google.com\/file\/d\/1y5GYNwd_ml3jogS8oz09RU6wqBR85vIm\/view?usp=sharing\"><strong>\u00a0Pippus Juan<\/strong><\/a><\/td>\n<\/tr>\n<tr>\n<td width=\"315\">\n<p style=\"text-align: center;\">Ciencias Naturales y su ense\u00f1anza (32)<\/p>\n<\/td>\n<td style=\"text-align: center;\" width=\"229\"><strong><a href=\"https:\/\/drive.google.com\/file\/d\/1llPdeK7yBynoij5_B-zoKLBkz6lj-QSQ\/view?usp=sharing\">Susana Langone<\/a>\u00a0<\/strong><\/td>\n<\/tr>\n<tr>\n<td width=\"315\">\n<p style=\"text-align: center;\">Matem\u00e1tica aplicada (64)<\/p>\n<\/td>\n<td style=\"text-align: center;\" width=\"229\"><strong><a href=\"https:\/\/drive.google.com\/file\/d\/1b-80KbXtYxNvVfUIhcoD46t6MZ0fbjEc\/view?usp=sharing\">Gustavo Dinard<\/a>\u00a0<\/strong><\/td>\n<\/tr>\n<tr>\n<td width=\"315\">\n<p style=\"text-align: center;\">Qu\u00edmica y laboratorio III (64)<\/p>\n<\/td>\n<td style=\"text-align: center;\" width=\"229\"><strong>\u00a0Etchecopar Gustavo<\/strong><\/td>\n<\/tr>\n<tr>\n<td width=\"315\">\n<p style=\"text-align: center;\">Espacio de Definici\u00f3n Institucional (64)<\/p>\n<\/td>\n<td style=\"text-align: center;\" width=\"229\"><strong>\u00a0S\u00e1nchez H\u00e9ctor<\/strong><\/td>\n<\/tr>\n<tr>\n<td width=\"246\">\n<p style=\"text-align: center;\"><strong>Espacio de la Pr\u00e1ctica Docente<\/strong><\/p>\n<\/td>\n<td width=\"315\">\n<p style=\"text-align: center;\">Espacio de la Pr\u00e1ctica Docente III (128)<\/p>\n<\/td>\n<td style=\"text-align: center;\" width=\"229\"><a href=\"https:\/\/drive.google.com\/file\/d\/1f8i0oJfFVHmIPd4B0bfQG5QDp33gaa2v\/view?usp=sharing\"><strong>\u00a0Dario Chazarreta<\/strong><\/a><\/td>\n<\/tr>\n<\/tbody>\n<\/table>\n<table width=\"790\">\n<tbody>\n<tr>\n<td rowspan=\"2\" width=\"246\"><strong>\u00a0<\/strong><\/td>\n<td rowspan=\"2\" width=\"315\">\n<p style=\"text-align: center;\"><strong>Materia<\/strong><\/p>\n<\/td>\n<td style=\"text-align: center;\" width=\"229\"><strong>Curso y Divisi\u00f3n <\/strong><\/td>\n<\/tr>\n<tr>\n<td width=\"229\">\n<p style=\"text-align: center;\"><strong>4to 3ra <\/strong><\/p>\n<\/td>\n<\/tr>\n<tr>\n<td rowspan=\"8\" width=\"246\">\n<p style=\"text-align: center;\"><strong>Espacio de la Orientaci\u00f3n <\/strong><\/p>\n<\/td>\n<td width=\"315\">\n<p style=\"text-align: center;\">F\u00edsica moderna y laboratorio (128)<\/p>\n<\/td>\n<td style=\"text-align: center;\" width=\"229\"><strong><a href=\"https:\/\/drive.google.com\/file\/d\/1szUtuLO1gMmlK7Uggriifwz63EvsQZK8\/view?usp=sharing\">Mar\u00eda Eugenia Pereyra\u00a0<\/a>\u00a0<\/strong><\/td>\n<\/tr>\n<tr>\n<td width=\"315\">\n<p style=\"text-align: center;\">F\u00edsica te\u00f3rica (96)<\/p>\n<\/td>\n<td style=\"text-align: center;\" width=\"229\"><strong>\u00a0<a href=\"https:\/\/drive.google.com\/file\/d\/1BIIqaO0T3Woh6vWvwE8a7CzOQWg08IKY\/view?usp=sharing\">Mar\u00eda Eugenia Pereyra<\/a><\/strong><\/td>\n<\/tr>\n<tr>\n<td width=\"315\">\n<p style=\"text-align: center;\">Epistemolog\u00eda e Historia de la F\u00edsica (96)<\/p>\n<\/td>\n<td style=\"text-align: center;\" width=\"229\"><strong>\u00a0<a href=\"https:\/\/drive.google.com\/file\/d\/1lDlUCrKQSfmM_FW_Om3cbUMQoZWFZggX\/view?usp=sharing\">Pippus Juan<\/a><\/strong><\/td>\n<\/tr>\n<tr>\n<td width=\"315\">\n<p style=\"text-align: center;\">Astronom\u00eda II (64)<\/p>\n<\/td>\n<td style=\"text-align: center;\" width=\"229\"><strong>\u00a0Fern\u00e1ndez Luis<\/strong><\/td>\n<\/tr>\n<tr>\n<td width=\"315\">\n<p style=\"text-align: center;\">Taller de f\u00edsica (64)<\/p>\n<\/td>\n<td style=\"text-align: center;\" width=\"229\"><a href=\"https:\/\/drive.google.com\/file\/d\/1ZGdz666FyhBktmDnzBPJqNRITI5gfsCu\/view?usp=sharing\"><strong>\u00a0Pippus Juan<\/strong><\/a><\/td>\n<\/tr>\n<tr>\n<td width=\"315\">\n<p style=\"text-align: center;\">F\u00edsica y su ense\u00f1anza (64)<\/p>\n<\/td>\n<td style=\"text-align: center;\" width=\"229\"><strong>\u00a0<a href=\"https:\/\/drive.google.com\/file\/d\/1B_iuK88TbPTJwtvzsoiucd49m4--Xg5A\/view?usp=sharing\">Marcelo Bentivenga<\/a><\/strong><\/td>\n<\/tr>\n<tr>\n<td width=\"315\">\n<p style=\"text-align: center;\">Matem\u00e1tica para f\u00edsicos y sus aplicaciones (64)<\/p>\n<\/td>\n<td style=\"text-align: center;\" width=\"229\"><strong><a href=\"https:\/\/drive.google.com\/file\/d\/1xzZ2rnRybg6EuH-PQPRLIVW80lyXXUOO\/view?usp=sharing\">Romina Salerno<\/a>\u00a0<\/strong><\/td>\n<\/tr>\n<tr>\n<td width=\"315\">\n<p style=\"text-align: center;\">Espacio de Definici\u00f3n Institucional (96)<\/p>\n<\/td>\n<td style=\"text-align: center;\" width=\"229\"><strong>\u00a0<\/strong><a href=\"https:\/\/drive.google.com\/file\/d\/1RuFvAhwXQmznLNYu6r1JuCN3ETGbIGww\/view?usp=sharing\"><strong>Dario Chazarre<\/strong><strong style=\"font-family: inherit; font-size: inherit;\">ta<\/strong><\/a><strong><br \/><\/strong><\/td>\n<\/tr>\n<tr>\n<td width=\"246\">\n<p style=\"text-align: center;\"><strong>Espacio de la Pr\u00e1ctica Docente<\/strong><\/p>\n<\/td>\n<td width=\"315\">\n<p style=\"text-align: center;\">Espacio de la Pr\u00e1ctica Docente IV (128)<\/p>\n<\/td>\n<td style=\"text-align: center;\" width=\"229\"><strong>\u00a0<a href=\"https:\/\/drive.google.com\/file\/d\/1-SZC1rHBydh0Aga_ibfmPHgBXqXnhRSh\/view?usp=sharing\">Cristina Landi<\/a><\/strong><\/td>\n<\/tr>\n<\/tbody>\n<\/table>\n\n\n<p><\/p>\n","protected":false},"excerpt":{"rendered":"<p>PLAN DE ESTUDIOS DEL PROFESORADO DE EDUCACI\u00d3N SECUNDARIA EN F\u00cdSICA CON PROGRAMAS 2021 1er y 2do a\u00f1o tronco com\u00fan (ver programas aqu\u00ed)\u00a0 \u00a0 Materia Curso y Divisi\u00f3n 3ro 3ra Espacio de la Fundamentaci\u00f3n Pedag\u00f3gica Perspectiva Filos\u00f3fico Pedag\u00f3gico Did\u00e1ctica (64) Sandra De Faveri\u00a0 Perspectiva Pol\u00edtico Institucional (64) \u00a0Carlos Biscak Espacio de la Orientaci\u00f3n Fuerzas, movimiento y &#8230; <a title=\"Programas de F\u00edsica\" class=\"read-more\" href=\"https:\/\/isfd106-bue.infd.edu.ar\/sitio\/programas-de-fisica\/\" aria-label=\"More on Programas de F\u00edsica\">[+]<\/a><\/p>\n","protected":false},"author":589,"featured_media":0,"parent":0,"menu_order":0,"comment_status":"closed","ping_status":"closed","template":"","meta":[],"acf":[],"_links":{"self":[{"href":"https:\/\/isfd106-bue.infd.edu.ar\/sitio\/wp-json\/wp\/v2\/pages\/1432"}],"collection":[{"href":"https:\/\/isfd106-bue.infd.edu.ar\/sitio\/wp-json\/wp\/v2\/pages"}],"about":[{"href":"https:\/\/isfd106-bue.infd.edu.ar\/sitio\/wp-json\/wp\/v2\/types\/page"}],"author":[{"embeddable":true,"href":"https:\/\/isfd106-bue.infd.edu.ar\/sitio\/wp-json\/wp\/v2\/users\/589"}],"replies":[{"embeddable":true,"href":"https:\/\/isfd106-bue.infd.edu.ar\/sitio\/wp-json\/wp\/v2\/comments?post=1432"}],"version-history":[{"count":21,"href":"https:\/\/isfd106-bue.infd.edu.ar\/sitio\/wp-json\/wp\/v2\/pages\/1432\/revisions"}],"predecessor-version":[{"id":3086,"href":"https:\/\/isfd106-bue.infd.edu.ar\/sitio\/wp-json\/wp\/v2\/pages\/1432\/revisions\/3086"}],"wp:attachment":[{"href":"https:\/\/isfd106-bue.infd.edu.ar\/sitio\/wp-json\/wp\/v2\/media?parent=1432"}],"curies":[{"name":"wp","href":"https:\/\/api.w.org\/{rel}","templated":true}]}}